CRAN Package Check Results for Package RISmed

Last updated on 2021-10-17 10:49:26 CEST.

Flavor Version Tinstall Tcheck Ttotal Status Flags
r-devel-linux-x86_64-debian-clang 2.3.0 8.30 40.59 48.89 OK
r-devel-linux-x86_64-debian-gcc 2.3.0 6.43 32.04 38.47 OK
r-devel-linux-x86_64-fedora-clang 2.3.0 70.41 NOTE
r-devel-linux-x86_64-fedora-gcc 2.3.0 59.65 NOTE
r-devel-windows-x86_64 2.3.0 15.00 68.00 83.00 OK
r-devel-windows-x86_64-gcc10-UCRT 2.3.0 NOTE
r-patched-linux-x86_64 2.3.0 8.66 39.67 48.33 OK
r-patched-solaris-x86 2.3.0 79.80 NOTE
r-release-linux-x86_64 2.3.0 7.18 39.43 46.61 OK
r-release-macos-arm64 2.3.0 NOTE
r-release-macos-x86_64 2.3.0 NOTE
r-release-windows-ix86+x86_64 2.3.0 13.00 64.00 77.00 OK
r-oldrel-macos-x86_64 2.3.0 NOTE
r-oldrel-windows-ix86+x86_64 2.3.0 19.00 69.00 88.00 OK

Check Details

Version: 2.3.0
Check: dependencies in R code
Result: NOTE
    Namespace in Imports field not imported from: ‘httr’
     All declared Imports should be used.
Flavors: r-devel-linux-x86_64-fedora-clang, r-devel-linux-x86_64-fedora-gcc, r-devel-windows-x86_64-gcc10-UCRT, r-patched-solaris-x86, r-release-macos-arm64, r-release-macos-x86_64, r-oldrel-macos-x86_64

Version: 2.3.0
Check: data for non-ASCII characters
Result: NOTE
     Note: found 243 marked UTF-8 strings
Flavors: r-devel-linux-x86_64-fedora-clang, r-devel-linux-x86_64-fedora-gcc, r-devel-windows-x86_64-gcc10-UCRT, r-patched-solaris-x86, r-release-macos-arm64, r-release-macos-x86_64, r-oldrel-macos-x86_64