CRAN Package Check Results for Package RItools

Last updated on 2021-10-25 01:48:59 CEST.

Flavor Version Tinstall Tcheck Ttotal Status Flags
r-devel-linux-x86_64-debian-clang 0.1-17 8.37 77.10 85.47 NOTE
r-devel-linux-x86_64-debian-gcc 0.1-17 7.01 60.51 67.52 NOTE
r-devel-linux-x86_64-fedora-clang 0.1-17 117.17 NOTE
r-devel-linux-x86_64-fedora-gcc 0.1-17 102.21 NOTE
r-devel-windows-x86_64 0.1-17 13.00 100.00 113.00 OK
r-devel-windows-x86_64-gcc10-UCRT 0.1-17 NOTE
r-patched-linux-x86_64 0.1-17 9.00 75.49 84.49 NOTE
r-patched-solaris-x86 0.1-17 156.40 NOTE
r-release-linux-x86_64 0.1-17 7.48 74.85 82.33 NOTE
r-release-macos-arm64 0.1-17 OK
r-release-macos-x86_64 0.1-17 OK
r-release-windows-ix86+x86_64 0.1-17 14.00 102.00 116.00 OK
r-oldrel-macos-x86_64 0.1-17 OK
r-oldrel-windows-ix86+x86_64 0.1-17 19.00 109.00 128.00 OK

Check Details

Version: 0.1-17
Check: package dependencies
Result: NOTE
    Package suggested but not available for checking: 'RSVGTipsDevice'
Flavors: r-devel-linux-x86_64-debian-clang, r-devel-linux-x86_64-debian-gcc, r-devel-linux-x86_64-fedora-clang, r-devel-linux-x86_64-fedora-gcc, r-devel-windows-x86_64-gcc10-UCRT, r-patched-linux-x86_64, r-patched-solaris-x86, r-release-linux-x86_64