CRAN Package Check Results for Package RJafroc

Last updated on 2024-07-13 16:48:26 CEST.

Flavor Version Tinstall Tcheck Ttotal Status Flags
r-devel-linux-x86_64-debian-clang 2.1.2 96.18 431.94 528.12 NOTE
r-devel-linux-x86_64-debian-gcc 2.1.2 59.24 314.39 373.63 NOTE
r-devel-linux-x86_64-fedora-clang 2.1.2 683.00 NOTE
r-devel-linux-x86_64-fedora-gcc 2.1.2 653.08 NOTE
r-devel-windows-x86_64 2.1.2 72.00 343.00 415.00 NOTE
r-patched-linux-x86_64 2.1.2 76.09 422.62 498.71 NOTE
r-release-linux-x86_64 2.1.2 69.00 424.35 493.35 NOTE
r-release-macos-arm64 2.1.2 149.00 NOTE
r-release-macos-x86_64 2.1.2 265.00 NOTE
r-release-windows-x86_64 2.1.2 71.00 355.00 426.00 NOTE
r-oldrel-macos-arm64 2.1.2 274.00 OK
r-oldrel-macos-x86_64 2.1.2 286.00 OK
r-oldrel-windows-x86_64 2.1.2 88.00 459.00 547.00 OK

Check Details

Version: 2.1.2
Check: Rd files
Result: NOTE checkRd: (-1) DfFroc2Roc.Rd:29: Lost braces in \itemize; meant \describe ? checkRd: (-1) DfFroc2Roc.Rd:30: Lost braces in \itemize; meant \describe ? checkRd: (-1) DfFroc2Roc.Rd:31: Lost braces in \itemize; meant \describe ? checkRd: (-1) DfFroc2Roc.Rd:32: Lost braces in \itemize; meant \describe ? checkRd: (-1) DfFroc2Roc.Rd:33: Lost braces in \itemize; meant \describe ? checkRd: (-1) DfFroc2Roc.Rd:34: Lost braces in \itemize; meant \describe ? checkRd: (-1) DfFroc2Roc.Rd:35: Lost braces in \itemize; meant \describe ? checkRd: (-1) DfFroc2Roc.Rd:36: Lost braces in \itemize; meant \describe ? checkRd: (-1) PlotRsmOperatingCharacteristics.Rd:75: Lost braces in \itemize; \value handles \item{}{} directly checkRd: (-1) PlotRsmOperatingCharacteristics.Rd:76: Lost braces in \itemize; \value handles \item{}{} directly checkRd: (-1) PlotRsmOperatingCharacteristics.Rd:77: Lost braces in \itemize; \value handles \item{}{} directly checkRd: (-1) PlotRsmOperatingCharacteristics.Rd:78: Lost braces in \itemize; \value handles \item{}{} directly checkRd: (-1) PlotRsmOperatingCharacteristics.Rd:79: Lost braces in \itemize; \value handles \item{}{} directly checkRd: (-1) PlotRsmOperatingCharacteristics.Rd:80: Lost braces in \itemize; \value handles \item{}{} directly checkRd: (-1) PlotRsmOperatingCharacteristics.Rd:81: Lost braces in \itemize; \value handles \item{}{} directly checkRd: (-1) PlotRsmOperatingCharacteristics.Rd:82: Lost braces in \itemize; \value handles \item{}{} directly checkRd: (-1) PlotRsmOperatingCharacteristics.Rd:83: Lost braces in \itemize; \value handles \item{}{} directly checkRd: (-1) dataset01.Rd:14: Lost braces in \itemize; meant \describe ? checkRd: (-1) dataset01.Rd:15: Lost braces in \itemize; meant \describe ? checkRd: (-1) dataset01.Rd:16: Lost braces in \itemize; meant \describe ? checkRd: (-1) dataset01.Rd:17: Lost braces in \itemize; meant \describe ? checkRd: (-1) dataset01.Rd:18: Lost braces in \itemize; meant \describe ? checkRd: (-1) dataset01.Rd:19: Lost braces in \itemize; meant \describe ? checkRd: (-1) dataset01.Rd:20: Lost braces in \itemize; meant \describe ? checkRd: (-1) dataset01.Rd:21: Lost braces in \itemize; meant \describe ? checkRd: (-1) dataset01.Rd:22: Lost braces in \itemize; meant \describe ? checkRd: (-1) dataset01.Rd:23: Lost braces in \itemize; meant \describe ? checkRd: (-1) dataset01.Rd:24: Lost braces in \itemize; meant \describe ? checkRd: (-1) dataset01.Rd:25: Lost braces in \itemize; meant \describe ? checkRd: (-1) dataset01.Rd:26: Lost braces in \itemize; meant \describe ? checkRd: (-1) dataset02.Rd:14: Lost braces in \itemize; meant \describe ? checkRd: (-1) dataset02.Rd:15: Lost braces in \itemize; meant \describe ? checkRd: (-1) dataset02.Rd:16: Lost braces in \itemize; meant \describe ? checkRd: (-1) dataset02.Rd:17: Lost braces in \itemize; meant \describe ? checkRd: (-1) dataset02.Rd:18: Lost braces in \itemize; meant \describe ? checkRd: (-1) dataset02.Rd:19: Lost braces in \itemize; meant \describe ? checkRd: (-1) dataset02.Rd:20: Lost braces in \itemize; meant \describe ? checkRd: (-1) dataset02.Rd:21: Lost braces in \itemize; meant \describe ? checkRd: (-1) dataset02.Rd:22: Lost braces in \itemize; meant \describe ? checkRd: (-1) dataset02.Rd:23: Lost braces in \itemize; meant \describe ? checkRd: (-1) dataset02.Rd:24: Lost braces in \itemize; meant \describe ? checkRd: (-1) dataset02.Rd:25: Lost braces in \itemize; meant \describe ? checkRd: (-1) dataset02.Rd:26: Lost braces in \itemize; meant \describe ? checkRd: (-1) dataset03.Rd:14: Lost braces in \itemize; meant \describe ? checkRd: (-1) dataset03.Rd:15: Lost braces in \itemize; meant \describe ? checkRd: (-1) dataset03.Rd:16: Lost braces in \itemize; meant \describe ? checkRd: (-1) dataset03.Rd:17: Lost braces in \itemize; meant \describe ? checkRd: (-1) dataset03.Rd:18: Lost braces in \itemize; meant \describe ? checkRd: (-1) dataset03.Rd:19: Lost braces in \itemize; meant \describe ? checkRd: (-1) dataset03.Rd:20: Lost braces in \itemize; meant \describe ? checkRd: (-1) dataset03.Rd:21: Lost braces in \itemize; meant \describe ? checkRd: (-1) dataset03.Rd:22: Lost braces in \itemize; meant \describe ? checkRd: (-1) dataset03.Rd:23: Lost braces in \itemize; meant \describe ? checkRd: (-1) dataset03.Rd:24: Lost braces in \itemize; meant \describe ? checkRd: (-1) dataset03.Rd:25: Lost braces in \itemize; meant \describe ? checkRd: (-1) dataset03.Rd:26: Lost braces in \itemize; meant \describe ? checkRd: (-1) dataset04.Rd:14: Lost braces in \itemize; meant \describe ? checkRd: (-1) dataset04.Rd:15: Lost braces in \itemize; meant \describe ? checkRd: (-1) dataset04.Rd:16: Lost braces in \itemize; meant \describe ? checkRd: (-1) dataset04.Rd:17: Lost braces in \itemize; meant \describe ? checkRd: (-1) dataset04.Rd:18: Lost braces in \itemize; meant \describe ? checkRd: (-1) dataset04.Rd:19: Lost braces in \itemize; meant \describe ? checkRd: (-1) dataset04.Rd:20: Lost braces in \itemize; meant \describe ? checkRd: (-1) dataset04.Rd:21: Lost braces in \itemize; meant \describe ? checkRd: (-1) dataset04.Rd:22: Lost braces in \itemize; meant \describe ? checkRd: (-1) dataset04.Rd:23: Lost braces in \itemize; meant \describe ? checkRd: (-1) dataset04.Rd:24: Lost braces in \itemize; meant \describe ? checkRd: (-1) dataset04.Rd:25: Lost braces in \itemize; meant \describe ? checkRd: (-1) dataset04.Rd:26: Lost braces in \itemize; meant \describe ? checkRd: (-1) dataset05.Rd:14: Lost braces in \itemize; meant \describe ? checkRd: (-1) dataset05.Rd:15: Lost braces in \itemize; meant \describe ? checkRd: (-1) dataset05.Rd:16: Lost braces in \itemize; meant \describe ? checkRd: (-1) dataset05.Rd:17: Lost braces in \itemize; meant \describe ? checkRd: (-1) dataset05.Rd:18: Lost braces in \itemize; meant \describe ? checkRd: (-1) dataset05.Rd:19: Lost braces in \itemize; meant \describe ? checkRd: (-1) dataset05.Rd:20: Lost braces in \itemize; meant \describe ? checkRd: (-1) dataset05.Rd:21: Lost braces in \itemize; meant \describe ? checkRd: (-1) dataset05.Rd:22: Lost braces in \itemize; meant \describe ? checkRd: (-1) dataset05.Rd:23: Lost braces in \itemize; meant \describe ? checkRd: (-1) dataset05.Rd:24: Lost braces in \itemize; meant \describe ? checkRd: (-1) dataset05.Rd:25: Lost braces in \itemize; meant \describe ? checkRd: (-1) dataset05.Rd:26: Lost braces in \itemize; meant \describe ? checkRd: (-1) dataset06.Rd:14: Lost braces in \itemize; meant \describe ? checkRd: (-1) dataset06.Rd:15: Lost braces in \itemize; meant \describe ? checkRd: (-1) dataset06.Rd:16: Lost braces in \itemize; meant \describe ? checkRd: (-1) dataset06.Rd:17: Lost braces in \itemize; meant \describe ? checkRd: (-1) dataset06.Rd:18: Lost braces in \itemize; meant \describe ? checkRd: (-1) dataset06.Rd:19: Lost braces in \itemize; meant \describe ? checkRd: (-1) dataset06.Rd:20: Lost braces in \itemize; meant \describe ? checkRd: (-1) dataset06.Rd:21: Lost braces in \itemize; meant \describe ? checkRd: (-1) dataset06.Rd:22: Lost braces in \itemize; meant \describe ? checkRd: (-1) dataset06.Rd:23: Lost braces in \itemize; meant \describe ? checkRd: (-1) dataset06.Rd:24: Lost braces in \itemize; meant \describe ? checkRd: (-1) dataset06.Rd:25: Lost braces in \itemize; meant \describe ? checkRd: (-1) dataset06.Rd:26: Lost braces in \itemize; meant \describe ? checkRd: (-1) dataset07.Rd:14: Lost braces in \itemize; meant \describe ? checkRd: (-1) dataset07.Rd:15: Lost braces in \itemize; meant \describe ? checkRd: (-1) dataset07.Rd:16: Lost braces in \itemize; meant \describe ? checkRd: (-1) dataset07.Rd:17: Lost braces in \itemize; meant \describe ? checkRd: (-1) dataset07.Rd:18: Lost braces in \itemize; meant \describe ? checkRd: (-1) dataset07.Rd:19: Lost braces in \itemize; meant \describe ? checkRd: (-1) dataset07.Rd:20: Lost braces in \itemize; meant \describe ? checkRd: (-1) dataset07.Rd:21: Lost braces in \itemize; meant \describe ? checkRd: (-1) dataset07.Rd:22: Lost braces in \itemize; meant \describe ? checkRd: (-1) dataset07.Rd:23: Lost braces in \itemize; meant \describe ? checkRd: (-1) dataset07.Rd:24: Lost braces in \itemize; meant \describe ? checkRd: (-1) dataset07.Rd:25: Lost braces in \itemize; meant \describe ? checkRd: (-1) dataset07.Rd:26: Lost braces in \itemize; meant \describe ? checkRd: (-1) dataset08.Rd:14: Lost braces in \itemize; meant \describe ? checkRd: (-1) dataset08.Rd:15: Lost braces in \itemize; meant \describe ? checkRd: (-1) dataset08.Rd:16: Lost braces in \itemize; meant \describe ? checkRd: (-1) dataset08.Rd:17: Lost braces in \itemize; meant \describe ? checkRd: (-1) dataset08.Rd:18: Lost braces in \itemize; meant \describe ? checkRd: (-1) dataset08.Rd:19: Lost braces in \itemize; meant \describe ? checkRd: (-1) dataset08.Rd:20: Lost braces in \itemize; meant \describe ? checkRd: (-1) dataset08.Rd:21: Lost braces in \itemize; meant \describe ? checkRd: (-1) dataset08.Rd:22: Lost braces in \itemize; meant \describe ? checkRd: (-1) dataset08.Rd:23: Lost braces in \itemize; meant \describe ? checkRd: (-1) dataset08.Rd:24: Lost braces in \itemize; meant \describe ? checkRd: (-1) dataset08.Rd:25: Lost braces in \itemize; meant \describe ? checkRd: (-1) dataset08.Rd:26: Lost braces in \itemize; meant \describe ? checkRd: (-1) dataset09.Rd:14: Lost braces in \itemize; meant \describe ? checkRd: (-1) dataset09.Rd:15: Lost braces in \itemize; meant \describe ? checkRd: (-1) dataset09.Rd:16: Lost braces in \itemize; meant \describe ? checkRd: (-1) dataset09.Rd:17: Lost braces in \itemize; meant \describe ? checkRd: (-1) dataset09.Rd:18: Lost braces in \itemize; meant \describe ? checkRd: (-1) dataset09.Rd:19: Lost braces in \itemize; meant \describe ? checkRd: (-1) dataset09.Rd:20: Lost braces in \itemize; meant \describe ? checkRd: (-1) dataset09.Rd:21: Lost braces in \itemize; meant \describe ? checkRd: (-1) dataset09.Rd:22: Lost braces in \itemize; meant \describe ? checkRd: (-1) dataset09.Rd:23: Lost braces in \itemize; meant \describe ? checkRd: (-1) dataset09.Rd:24: Lost braces in \itemize; meant \describe ? checkRd: (-1) dataset09.Rd:25: Lost braces in \itemize; meant \describe ? checkRd: (-1) dataset09.Rd:26: Lost braces in \itemize; meant \describe ? checkRd: (-1) dataset10.Rd:14: Lost braces in \itemize; meant \describe ? checkRd: (-1) dataset10.Rd:15: Lost braces in \itemize; meant \describe ? checkRd: (-1) dataset10.Rd:16: Lost braces in \itemize; meant \describe ? checkRd: (-1) dataset10.Rd:17: Lost braces in \itemize; meant \describe ? checkRd: (-1) dataset10.Rd:18: Lost braces in \itemize; meant \describe ? checkRd: (-1) dataset10.Rd:19: Lost braces in \itemize; meant \describe ? checkRd: (-1) dataset10.Rd:20: Lost braces in \itemize; meant \describe ? checkRd: (-1) dataset10.Rd:21: Lost braces in \itemize; meant \describe ? checkRd: (-1) dataset10.Rd:22: Lost braces in \itemize; meant \describe ? checkRd: (-1) dataset10.Rd:23: Lost braces in \itemize; meant \describe ? checkRd: (-1) dataset10.Rd:24: Lost braces in \itemize; meant \describe ? checkRd: (-1) dataset10.Rd:25: Lost braces in \itemize; meant \describe ? checkRd: (-1) dataset10.Rd:26: Lost braces in \itemize; meant \describe ? checkRd: (-1) dataset11.Rd:14: Lost braces in \itemize; meant \describe ? checkRd: (-1) dataset11.Rd:15: Lost braces in \itemize; meant \describe ? checkRd: (-1) dataset11.Rd:16: Lost braces in \itemize; meant \describe ? checkRd: (-1) dataset11.Rd:17: Lost braces in \itemize; meant \describe ? checkRd: (-1) dataset11.Rd:18: Lost braces in \itemize; meant \describe ? checkRd: (-1) dataset11.Rd:19: Lost braces in \itemize; meant \describe ? checkRd: (-1) dataset11.Rd:20: Lost braces in \itemize; meant \describe ? checkRd: (-1) dataset11.Rd:21: Lost braces in \itemize; meant \describe ? checkRd: (-1) dataset11.Rd:22: Lost braces in \itemize; meant \describe ? checkRd: (-1) dataset11.Rd:23: Lost braces in \itemize; meant \describe ? checkRd: (-1) dataset11.Rd:24: Lost braces in \itemize; meant \describe ? checkRd: (-1) dataset11.Rd:25: Lost braces in \itemize; meant \describe ? checkRd: (-1) dataset11.Rd:26: Lost braces in \itemize; meant \describe ? checkRd: (-1) dataset12.Rd:14: Lost braces in \itemize; meant \describe ? checkRd: (-1) dataset12.Rd:15: Lost braces in \itemize; meant \describe ? checkRd: (-1) dataset12.Rd:16: Lost braces in \itemize; meant \describe ? checkRd: (-1) dataset12.Rd:17: Lost braces in \itemize; meant \describe ? checkRd: (-1) dataset12.Rd:18: Lost braces in \itemize; meant \describe ? checkRd: (-1) dataset12.Rd:19: Lost braces in \itemize; meant \describe ? checkRd: (-1) dataset12.Rd:20: Lost braces in \itemize; meant \describe ? checkRd: (-1) dataset12.Rd:21: Lost braces in \itemize; meant \describe ? checkRd: (-1) dataset12.Rd:22: Lost braces in \itemize; meant \describe ? checkRd: (-1) dataset12.Rd:23: Lost braces in \itemize; meant \describe ? checkRd: (-1) dataset12.Rd:24: Lost braces in \itemize; meant \describe ? checkRd: (-1) dataset12.Rd:25: Lost braces in \itemize; meant \describe ? checkRd: (-1) dataset12.Rd:26: Lost braces in \itemize; meant \describe ? checkRd: (-1) dataset13.Rd:14: Lost braces in \itemize; meant \describe ? checkRd: (-1) dataset13.Rd:15: Lost braces in \itemize; meant \describe ? checkRd: (-1) dataset13.Rd:16: Lost braces in \itemize; meant \describe ? checkRd: (-1) dataset13.Rd:17: Lost braces in \itemize; meant \describe ? checkRd: (-1) dataset13.Rd:18: Lost braces in \itemize; meant \describe ? checkRd: (-1) dataset13.Rd:19: Lost braces in \itemize; meant \describe ? checkRd: (-1) dataset13.Rd:20: Lost braces in \itemize; meant \describe ? checkRd: (-1) dataset13.Rd:21: Lost braces in \itemize; meant \describe ? checkRd: (-1) dataset13.Rd:22: Lost braces in \itemize; meant \describe ? checkRd: (-1) dataset13.Rd:23: Lost braces in \itemize; meant \describe ? checkRd: (-1) dataset13.Rd:24: Lost braces in \itemize; meant \describe ? checkRd: (-1) dataset13.Rd:25: Lost braces in \itemize; meant \describe ? checkRd: (-1) dataset13.Rd:26: Lost braces in \itemize; meant \describe ? checkRd: (-1) dataset14.Rd:14: Lost braces in \itemize; meant \describe ? checkRd: (-1) dataset14.Rd:15: Lost braces in \itemize; meant \describe ? checkRd: (-1) dataset14.Rd:16: Lost braces in \itemize; meant \describe ? checkRd: (-1) dataset14.Rd:17: Lost braces in \itemize; meant \describe ? checkRd: (-1) dataset14.Rd:18: Lost braces in \itemize; meant \describe ? checkRd: (-1) dataset14.Rd:19: Lost braces in \itemize; meant \describe ? checkRd: (-1) dataset14.Rd:20: Lost braces in \itemize; meant \describe ? checkRd: (-1) dataset14.Rd:21: Lost braces in \itemize; meant \describe ? checkRd: (-1) dataset14.Rd:22: Lost braces in \itemize; meant \describe ? checkRd: (-1) dataset14.Rd:23: Lost braces in \itemize; meant \describe ? checkRd: (-1) dataset14.Rd:24: Lost braces in \itemize; meant \describe ? checkRd: (-1) dataset14.Rd:25: Lost braces in \itemize; meant \describe ? checkRd: (-1) dataset14.Rd:26: Lost braces in \itemize; meant \describe ? checkRd: (-1) datasetBinned123.Rd:14: Lost braces in \itemize; meant \describe ? checkRd: (-1) datasetBinned123.Rd:15: Lost braces in \itemize; meant \describe ? checkRd: (-1) datasetBinned123.Rd:16: Lost braces in \itemize; meant \describe ? checkRd: (-1) datasetBinned123.Rd:17: Lost braces in \itemize; meant \describe ? checkRd: (-1) datasetBinned123.Rd:18: Lost braces in \itemize; meant \describe ? checkRd: (-1) datasetBinned123.Rd:19: Lost braces in \itemize; meant \describe ? checkRd: (-1) datasetBinned123.Rd:20: Lost braces in \itemize; meant \describe ? checkRd: (-1) datasetBinned123.Rd:21: Lost braces in \itemize; meant \describe ? checkRd: (-1) datasetBinned123.Rd:22: Lost braces in \itemize; meant \describe ? checkRd: (-1) datasetBinned123.Rd:23: Lost braces in \itemize; meant \describe ? checkRd: (-1) datasetBinned123.Rd:24: Lost braces in \itemize; meant \describe ? checkRd: (-1) datasetBinned123.Rd:25: Lost braces in \itemize; meant \describe ? checkRd: (-1) datasetBinned123.Rd:26: Lost braces in \itemize; meant \describe ? checkRd: (-1) datasetBinned124.Rd:14: Lost braces in \itemize; meant \describe ? checkRd: (-1) datasetBinned124.Rd:15: Lost braces in \itemize; meant \describe ? checkRd: (-1) datasetBinned124.Rd:16: Lost braces in \itemize; meant \describe ? checkRd: (-1) datasetBinned124.Rd:17: Lost braces in \itemize; meant \describe ? checkRd: (-1) datasetBinned124.Rd:18: Lost braces in \itemize; meant \describe ? checkRd: (-1) datasetBinned124.Rd:19: Lost braces in \itemize; meant \describe ? checkRd: (-1) datasetBinned124.Rd:20: Lost braces in \itemize; meant \describe ? checkRd: (-1) datasetBinned124.Rd:21: Lost braces in \itemize; meant \describe ? checkRd: (-1) datasetBinned124.Rd:22: Lost braces in \itemize; meant \describe ? checkRd: (-1) datasetBinned124.Rd:23: Lost braces in \itemize; meant \describe ? checkRd: (-1) datasetBinned124.Rd:24: Lost braces in \itemize; meant \describe ? checkRd: (-1) datasetBinned124.Rd:25: Lost braces in \itemize; meant \describe ? checkRd: (-1) datasetBinned124.Rd:26: Lost braces in \itemize; meant \describe ? checkRd: (-1) datasetBinned125.Rd:14: Lost braces in \itemize; meant \describe ? checkRd: (-1) datasetBinned125.Rd:15: Lost braces in \itemize; meant \describe ? checkRd: (-1) datasetBinned125.Rd:16: Lost braces in \itemize; meant \describe ? checkRd: (-1) datasetBinned125.Rd:17: Lost braces in \itemize; meant \describe ? checkRd: (-1) datasetBinned125.Rd:18: Lost braces in \itemize; meant \describe ? checkRd: (-1) datasetBinned125.Rd:19: Lost braces in \itemize; meant \describe ? checkRd: (-1) datasetBinned125.Rd:20: Lost braces in \itemize; meant \describe ? checkRd: (-1) datasetBinned125.Rd:21: Lost braces in \itemize; meant \describe ? checkRd: (-1) datasetBinned125.Rd:22: Lost braces in \itemize; meant \describe ? checkRd: (-1) datasetBinned125.Rd:23: Lost braces in \itemize; meant \describe ? checkRd: (-1) datasetBinned125.Rd:24: Lost braces in \itemize; meant \describe ? checkRd: (-1) datasetBinned125.Rd:25: Lost braces in \itemize; meant \describe ? checkRd: (-1) datasetBinned125.Rd:26: Lost braces in \itemize; meant \describe ? checkRd: (-1) datasetCadLroc.Rd:14: Lost braces in \itemize; meant \describe ? checkRd: (-1) datasetCadLroc.Rd:15: Lost braces in \itemize; meant \describe ? checkRd: (-1) datasetCadLroc.Rd:16: Lost braces in \itemize; meant \describe ? checkRd: (-1) datasetCadLroc.Rd:17: Lost braces in \itemize; meant \describe ? checkRd: (-1) datasetCadLroc.Rd:18: Lost braces in \itemize; meant \describe ? checkRd: (-1) datasetCadLroc.Rd:19: Lost braces in \itemize; meant \describe ? checkRd: (-1) datasetCadLroc.Rd:20: Lost braces in \itemize; meant \describe ? checkRd: (-1) datasetCadLroc.Rd:21: Lost braces in \itemize; meant \describe ? checkRd: (-1) datasetCadLroc.Rd:22: Lost braces in \itemize; meant \describe ? checkRd: (-1) datasetCadLroc.Rd:23: Lost braces in \itemize; meant \describe ? checkRd: (-1) datasetCadLroc.Rd:24: Lost braces in \itemize; meant \describe ? checkRd: (-1) datasetCadLroc.Rd:25: Lost braces in \itemize; meant \describe ? checkRd: (-1) datasetCadLroc.Rd:26: Lost braces in \itemize; meant \describe ? checkRd: (-1) datasetCadSimuFroc.Rd:14: Lost braces in \itemize; meant \describe ? checkRd: (-1) datasetCadSimuFroc.Rd:15: Lost braces in \itemize; meant \describe ? checkRd: (-1) datasetCadSimuFroc.Rd:16: Lost braces in \itemize; meant \describe ? checkRd: (-1) datasetCadSimuFroc.Rd:17: Lost braces in \itemize; meant \describe ? checkRd: (-1) datasetCadSimuFroc.Rd:18: Lost braces in \itemize; meant \describe ? checkRd: (-1) datasetCadSimuFroc.Rd:19: Lost braces in \itemize; meant \describe ? checkRd: (-1) datasetCadSimuFroc.Rd:20: Lost braces in \itemize; meant \describe ? checkRd: (-1) datasetCadSimuFroc.Rd:21: Lost braces in \itemize; meant \describe ? checkRd: (-1) datasetCadSimuFroc.Rd:22: Lost braces in \itemize; meant \describe ? checkRd: (-1) datasetCadSimuFroc.Rd:23: Lost braces in \itemize; meant \describe ? checkRd: (-1) datasetCadSimuFroc.Rd:24: Lost braces in \itemize; meant \describe ? checkRd: (-1) datasetCadSimuFroc.Rd:25: Lost braces in \itemize; meant \describe ? checkRd: (-1) datasetCadSimuFroc.Rd:26: Lost braces in \itemize; meant \describe ? checkRd: (-1) datasetCrossedModality.Rd:14: Lost braces in \itemize; meant \describe ? checkRd: (-1) datasetCrossedModality.Rd:15: Lost braces in \itemize; meant \describe ? checkRd: (-1) datasetCrossedModality.Rd:16: Lost braces in \itemize; meant \describe ? checkRd: (-1) datasetCrossedModality.Rd:17: Lost braces in \itemize; meant \describe ? checkRd: (-1) datasetCrossedModality.Rd:18: Lost braces in \itemize; meant \describe ? checkRd: (-1) datasetCrossedModality.Rd:19: Lost braces in \itemize; meant \describe ? checkRd: (-1) datasetCrossedModality.Rd:20: Lost braces in \itemize; meant \describe ? checkRd: (-1) datasetCrossedModality.Rd:21: Lost braces in \itemize; meant \describe ? checkRd: (-1) datasetCrossedModality.Rd:22: Lost braces in \itemize; meant \describe ? checkRd: (-1) datasetCrossedModality.Rd:23: Lost braces in \itemize; meant \describe ? checkRd: (-1) datasetCrossedModality.Rd:24: Lost braces in \itemize; meant \describe ? checkRd: (-1) datasetCrossedModality.Rd:25: Lost braces in \itemize; meant \describe ? checkRd: (-1) datasetCrossedModality.Rd:26: Lost braces in \itemize; meant \describe ? checkRd: (-1) datasetDegenerate.Rd:14: Lost braces in \itemize; meant \describe ? checkRd: (-1) datasetDegenerate.Rd:15: Lost braces in \itemize; meant \describe ? checkRd: (-1) datasetDegenerate.Rd:16: Lost braces in \itemize; meant \describe ? checkRd: (-1) datasetDegenerate.Rd:17: Lost braces in \itemize; meant \describe ? checkRd: (-1) datasetDegenerate.Rd:18: Lost braces in \itemize; meant \describe ? checkRd: (-1) datasetDegenerate.Rd:19: Lost braces in \itemize; meant \describe ? checkRd: (-1) datasetDegenerate.Rd:20: Lost braces in \itemize; meant \describe ? checkRd: (-1) datasetDegenerate.Rd:21: Lost braces in \itemize; meant \describe ? checkRd: (-1) datasetDegenerate.Rd:22: Lost braces in \itemize; meant \describe ? checkRd: (-1) datasetDegenerate.Rd:23: Lost braces in \itemize; meant \describe ? checkRd: (-1) datasetDegenerate.Rd:24: Lost braces in \itemize; meant \describe ? checkRd: (-1) datasetDegenerate.Rd:25: Lost braces in \itemize; meant \describe ? checkRd: (-1) datasetDegenerate.Rd:26: Lost braces in \itemize; meant \describe ? checkRd: (-1) datasetFROCSpC.Rd:14: Lost braces in \itemize; meant \describe ? checkRd: (-1) datasetFROCSpC.Rd:15: Lost braces in \itemize; meant \describe ? checkRd: (-1) datasetFROCSpC.Rd:16: Lost braces in \itemize; meant \describe ? checkRd: (-1) datasetFROCSpC.Rd:17: Lost braces in \itemize; meant \describe ? checkRd: (-1) datasetFROCSpC.Rd:18: Lost braces in \itemize; meant \describe ? checkRd: (-1) datasetFROCSpC.Rd:19: Lost braces in \itemize; meant \describe ? checkRd: (-1) datasetFROCSpC.Rd:20: Lost braces in \itemize; meant \describe ? checkRd: (-1) datasetFROCSpC.Rd:21: Lost braces in \itemize; meant \describe ? checkRd: (-1) datasetFROCSpC.Rd:22: Lost braces in \itemize; meant \describe ? checkRd: (-1) datasetFROCSpC.Rd:23: Lost braces in \itemize; meant \describe ? checkRd: (-1) datasetFROCSpC.Rd:24: Lost braces in \itemize; meant \describe ? checkRd: (-1) datasetFROCSpC.Rd:25: Lost braces in \itemize; meant \describe ? checkRd: (-1) datasetFROCSpC.Rd:26: Lost braces in \itemize; meant \describe ? checkRd: (-1) datasetROI.Rd:14: Lost braces in \itemize; meant \describe ? checkRd: (-1) datasetROI.Rd:15: Lost braces in \itemize; meant \describe ? checkRd: (-1) datasetROI.Rd:16: Lost braces in \itemize; meant \describe ? checkRd: (-1) datasetROI.Rd:17: Lost braces in \itemize; meant \describe ? checkRd: (-1) datasetROI.Rd:18: Lost braces in \itemize; meant \describe ? checkRd: (-1) datasetROI.Rd:19: Lost braces in \itemize; meant \describe ? checkRd: (-1) datasetROI.Rd:20: Lost braces in \itemize; meant \describe ? checkRd: (-1) datasetROI.Rd:21: Lost braces in \itemize; meant \describe ? checkRd: (-1) datasetROI.Rd:22: Lost braces in \itemize; meant \describe ? checkRd: (-1) datasetROI.Rd:23: Lost braces in \itemize; meant \describe ? checkRd: (-1) datasetROI.Rd:24: Lost braces in \itemize; meant \describe ? checkRd: (-1) datasetROI.Rd:25: Lost braces in \itemize; meant \describe ? checkRd: (-1) datasetROI.Rd:26: Lost braces in \itemize; meant \describe ? Flavors: r-devel-linux-x86_64-debian-clang, r-devel-linux-x86_64-debian-gcc, r-devel-linux-x86_64-fedora-clang, r-devel-linux-x86_64-fedora-gcc, r-devel-windows-x86_64, r-patched-linux-x86_64, r-release-linux-x86_64, r-release-macos-arm64, r-release-macos-x86_64, r-release-windows-x86_64