CRAN Package Check Results for Package RKHSMetaMod

Last updated on 2021-09-22 04:55:14 CEST.

Flavor Version Tinstall Tcheck Ttotal Status Flags
r-devel-linux-x86_64-debian-clang 1.1 215.86 32.62 248.48 OK
r-devel-linux-x86_64-debian-gcc 1.1 168.25 28.79 197.04 OK
r-devel-linux-x86_64-fedora-clang 1.1 409.49 NOTE
r-devel-linux-x86_64-fedora-gcc 1.1 345.93 OK
r-devel-windows-x86_64 1.1 172.00 55.00 227.00 OK
r-devel-windows-x86_64-gcc10-UCRT 1.1 ERROR
r-patched-linux-x86_64 1.1 188.17 35.00 223.17 OK
r-patched-solaris-x86 1.1 253.00 OK
r-release-linux-x86_64 1.1 179.14 35.20 214.34 OK
r-release-macos-arm64 1.1 NOTE
r-release-macos-x86_64 1.1 NOTE
r-release-windows-ix86+x86_64 1.1 488.00 92.00 580.00 OK
r-oldrel-macos-x86_64 1.1 NOTE
r-oldrel-windows-ix86+x86_64 1.1 480.00 99.00 579.00 OK

Additional issues

noSuggests

Check Details

Version: 1.1
Check: installed package size
Result: NOTE
     installed size is 21.1Mb
     sub-directories of 1Mb or more:
     libs 21.0Mb
Flavors: r-devel-linux-x86_64-fedora-clang, r-release-macos-arm64, r-release-macos-x86_64, r-oldrel-macos-x86_64

Version: 1.1
Check: whether package can be installed
Result: ERROR
    Installation failed.
Flavor: r-devel-windows-x86_64-gcc10-UCRT