CRAN Package Check Results for Package RMSNumpress

Last updated on 2021-09-22 04:55:14 CEST.

Flavor Version Tinstall Tcheck Ttotal Status Flags
r-devel-linux-x86_64-debian-clang 1.0.1 26.84 28.73 55.57 OK
r-devel-linux-x86_64-debian-gcc 1.0.1 15.32 22.47 37.79 OK
r-devel-linux-x86_64-fedora-clang 1.0.1 83.21 OK
r-devel-linux-x86_64-fedora-gcc 1.0.1 64.36 OK
r-devel-windows-x86_64 1.0.1 26.00 47.00 73.00 OK
r-devel-windows-x86_64-gcc10-UCRT 1.0.1 ERROR
r-patched-linux-x86_64 1.0.1 20.26 27.38 47.64 OK
r-patched-solaris-x86 1.0.1 81.20 OK
r-release-linux-x86_64 1.0.1 19.57 27.92 47.49 OK
r-release-macos-arm64 1.0.1 OK
r-release-macos-x86_64 1.0.1 OK
r-release-windows-ix86+x86_64 1.0.1 62.00 70.00 132.00 OK
r-oldrel-macos-x86_64 1.0.1 OK
r-oldrel-windows-ix86+x86_64 1.0.1 64.00 54.00 118.00 OK

Check Details

Version: 1.0.1
Check: whether package can be installed
Result: ERROR
    Installation failed.
Flavor: r-devel-windows-x86_64-gcc10-UCRT