CRAN Package Check Results for Package RMixtCompIO

Last updated on 2021-09-23 10:53:44 CEST.

Flavor Version Tinstall Tcheck Ttotal Status Flags
r-devel-linux-x86_64-debian-clang 4.0.6 368.20 166.70 534.90 OK
r-devel-linux-x86_64-debian-gcc 4.0.6 258.22 135.50 393.72 OK
r-devel-linux-x86_64-fedora-clang 4.0.6 757.92 NOTE
r-devel-linux-x86_64-fedora-gcc 4.0.6 684.85 OK
r-devel-windows-x86_64 4.0.6 294.00 189.00 483.00 OK
r-devel-windows-x86_64-gcc10-UCRT 4.0.6 ERROR
r-patched-linux-x86_64 4.0.6 289.29 167.65 456.94 OK
r-patched-solaris-x86 4.0.6 667.70 OK
r-release-linux-x86_64 4.0.6 296.24 167.54 463.78 OK
r-release-macos-arm64 4.0.6 NOTE
r-release-macos-x86_64 4.0.6 NOTE
r-release-windows-ix86+x86_64 4.0.6 827.00 414.00 1241.00 OK
r-oldrel-macos-x86_64 4.0.6 NOTE
r-oldrel-windows-ix86+x86_64 4.0.6 577.00 358.00 935.00 OK

Check Details

Version: 4.0.6
Check: installed package size
Result: NOTE
     installed size is 27.0Mb
     sub-directories of 1Mb or more:
     libs 26.9Mb
Flavors: r-devel-linux-x86_64-fedora-clang, r-release-macos-arm64, r-release-macos-x86_64, r-oldrel-macos-x86_64

Version: 4.0.6
Check: package dependencies
Result: NOTE
    Package suggested but not available for checking: 'xml2'
Flavor: r-devel-windows-x86_64-gcc10-UCRT

Version: 4.0.6
Check: whether package can be installed
Result: ERROR
    Installation failed.
Flavor: r-devel-windows-x86_64-gcc10-UCRT