CRAN Package Check Results for Package RNewsflow

Last updated on 2021-09-19 04:53:24 CEST.

Flavor Version Tinstall Tcheck Ttotal Status Flags
r-devel-linux-x86_64-debian-clang 1.2.6 99.82 110.98 210.80 OK
r-devel-linux-x86_64-debian-gcc 1.2.6 65.50 83.09 148.59 OK
r-devel-linux-x86_64-fedora-clang 1.2.6 281.71 OK
r-devel-linux-x86_64-fedora-gcc 1.2.6 248.73 OK
r-devel-windows-x86_64 1.2.6 85.00 153.00 238.00 OK
r-devel-windows-x86_64-gcc10-UCRT 1.2.6 ERROR
r-patched-linux-x86_64 1.2.6 82.86 102.17 185.03 OK
r-patched-solaris-x86 1.2.6 298.80 OK
r-release-linux-x86_64 1.2.6 82.54 103.59 186.13 OK
r-release-macos-arm64 1.2.6 OK
r-release-macos-x86_64 1.2.6 OK
r-release-windows-ix86+x86_64 1.2.6 220.00 191.00 411.00 OK
r-oldrel-macos-x86_64 1.2.6 OK
r-oldrel-windows-ix86+x86_64 1.2.6 217.00 204.00 421.00 OK

Check Details

Version: 1.2.6
Check: whether package can be installed
Result: ERROR
    Installation failed.
Flavor: r-devel-windows-x86_64-gcc10-UCRT