CRAN Package Check Results for Package ROMDB

Last updated on 2024-07-23 04:57:48 CEST.

Flavor Version Tinstall Tcheck Ttotal Status Flags
r-devel-linux-x86_64-debian-clang 0.1.0 5.07 46.76 51.83 NOTE
r-devel-linux-x86_64-debian-gcc 0.1.0 4.31 36.14 40.45 NOTE
r-devel-linux-x86_64-fedora-clang 0.1.0 71.33 NOTE
r-devel-linux-x86_64-fedora-gcc 0.1.0 67.52 NOTE
r-devel-windows-x86_64 0.1.0 6.00 57.00 63.00 NOTE
r-patched-linux-x86_64 0.1.0 5.38 44.83 50.21 NOTE
r-release-linux-x86_64 0.1.0 5.52 44.85 50.37 NOTE
r-release-macos-arm64 0.1.0 23.00 NOTE
r-release-macos-x86_64 0.1.0 34.00 NOTE
r-release-windows-x86_64 0.1.0 6.00 56.00 62.00 NOTE
r-oldrel-macos-arm64 0.1.0 26.00 NOTE
r-oldrel-macos-x86_64 0.1.0 35.00 NOTE
r-oldrel-windows-x86_64 0.1.0 7.00 64.00 71.00 NOTE

Check Details

Version: 0.1.0
Check: LazyData
Result: NOTE 'LazyData' is specified without a 'data' directory Flavors: r-devel-linux-x86_64-debian-clang, r-devel-linux-x86_64-debian-gcc, r-devel-linux-x86_64-fedora-clang, r-devel-linux-x86_64-fedora-gcc, r-devel-windows-x86_64, r-patched-linux-x86_64, r-release-linux-x86_64, r-release-macos-arm64, r-release-macos-x86_64, r-release-windows-x86_64, r-oldrel-macos-arm64, r-oldrel-macos-x86_64, r-oldrel-windows-x86_64