CRAN Package Check Results for Package RPANDA

Last updated on 2021-09-25 22:54:18 CEST.

Flavor Version Tinstall Tcheck Ttotal Status Flags
r-devel-linux-x86_64-debian-clang 1.9 52.02 415.79 467.81 OK
r-devel-linux-x86_64-debian-gcc 1.9 40.34 303.40 343.74 OK
r-devel-linux-x86_64-fedora-clang 1.9 572.30 NOTE
r-devel-linux-x86_64-fedora-gcc 1.9 578.36 OK
r-devel-windows-x86_64 1.9 59.00 356.00 415.00 OK
r-devel-windows-x86_64-gcc10-UCRT 1.9 OK
r-patched-linux-x86_64 1.9 58.66 387.80 446.46 OK
r-patched-solaris-x86 1.9 701.30 OK
r-release-linux-x86_64 1.9 43.42 390.10 433.52 OK
r-release-macos-arm64 1.9 OK
r-release-macos-x86_64 1.9 OK
r-release-windows-ix86+x86_64 1.9 104.00 674.00 778.00 OK
r-oldrel-macos-x86_64 1.9 OK
r-oldrel-windows-ix86+x86_64 1.9 65.00 490.00 555.00 OK

Additional issues

donttest

Check Details

Version: 1.9
Check: package dependencies
Result: NOTE
    Imports includes 21 non-default packages.
    Importing from so many packages makes the package vulnerable to any of
    them becoming unavailable. Move as many as possible to Suggests and
    use conditionally.
Flavor: r-devel-linux-x86_64-fedora-clang