CRAN Package Check Results for Package RRedshiftSQL

Last updated on 2021-11-30 06:49:36 CET.

Flavor Version Tinstall Tcheck Ttotal Status Flags
r-devel-linux-x86_64-debian-clang 0.1.2 3.52 27.74 31.26 NOTE
r-devel-linux-x86_64-debian-gcc 0.1.2 2.78 22.05 24.83 NOTE
r-devel-linux-x86_64-fedora-clang 0.1.2 49.20 NOTE
r-devel-linux-x86_64-fedora-gcc 0.1.2 38.31 NOTE
r-devel-windows-x86_64-new-UL 0.1.2 8.00 62.00 70.00 NOTE
r-devel-windows-x86_64-new-TK 0.1.2 NOTE
r-devel-windows-x86_64-old 0.1.2 7.00 35.00 42.00 NOTE
r-patched-linux-x86_64 0.1.2 3.07 26.67 29.74 NOTE
r-patched-solaris-x86 0.1.2 57.50 NOTE
r-release-linux-x86_64 0.1.2 3.34 26.79 30.13 NOTE
r-release-macos-arm64 0.1.2 NOTE
r-release-macos-x86_64 0.1.2 NOTE
r-release-windows-ix86+x86_64 0.1.2 8.00 37.00 45.00 NOTE
r-oldrel-macos-x86_64 0.1.2 OK
r-oldrel-windows-ix86+x86_64 0.1.2 9.00 48.00 57.00 OK

Check Details

Version: 0.1.2
Check: LazyData
Result: NOTE
     'LazyData' is specified without a 'data' directory
Flavors: r-devel-linux-x86_64-debian-clang, r-devel-linux-x86_64-debian-gcc, r-devel-linux-x86_64-fedora-clang, r-devel-linux-x86_64-fedora-gcc, r-devel-windows-x86_64-new-UL, r-devel-windows-x86_64-new-TK, r-devel-windows-x86_64-old, r-patched-linux-x86_64, r-patched-solaris-x86, r-release-linux-x86_64, r-release-macos-arm64, r-release-macos-x86_64, r-release-windows-ix86+x86_64