CRAN Package Check Results for Package RVA

Last updated on 2021-09-17 22:57:11 CEST.

Flavor Version Tinstall Tcheck Ttotal Status Flags
r-devel-linux-x86_64-debian-clang 0.0.4 41.89 458.52 500.41 OK
r-devel-linux-x86_64-debian-gcc 0.0.4 37.02 339.46 376.48 OK
r-devel-linux-x86_64-fedora-clang 0.0.4 602.39 NOTE
r-devel-linux-x86_64-fedora-gcc 0.0.4 623.94 NOTE
r-devel-windows-x86_64 0.0.4 45.00 513.00 558.00 OK
r-devel-windows-x86_64-gcc10-UCRT 0.0.4 NOTE
r-patched-linux-x86_64 0.0.4 38.20 424.14 462.34 OK
r-patched-solaris-x86 0.0.4 711.20 NOTE
r-release-linux-x86_64 0.0.4 40.95 424.17 465.12 OK
r-release-macos-arm64 0.0.4 ERROR
r-release-macos-x86_64 0.0.4 ERROR
r-release-windows-ix86+x86_64 0.0.4 105.00 486.00 591.00 OK
r-oldrel-macos-x86_64 0.0.4 ERROR
r-oldrel-windows-ix86+x86_64 0.0.4 83.00 448.00 531.00 OK

Check Details

Version: 0.0.4
Check: package dependencies
Result: NOTE
    Imports includes 22 non-default packages.
    Importing from so many packages makes the package vulnerable to any of
    them becoming unavailable. Move as many as possible to Suggests and
    use conditionally.
Flavor: r-devel-linux-x86_64-fedora-clang

Version: 0.0.4
Check: dependencies in R code
Result: NOTE
    Namespace in Imports field not imported from: ‘XML’
     All declared Imports should be used.
Flavors: r-devel-linux-x86_64-fedora-clang, r-devel-linux-x86_64-fedora-gcc, r-devel-windows-x86_64-gcc10-UCRT, r-patched-solaris-x86

Version: 0.0.4
Check: package dependencies
Result: ERROR
    Package required but not available: ‘rWikiPathways’
    
    See section ‘The DESCRIPTION file’ in the ‘Writing R Extensions’
    manual.
Flavor: r-release-macos-arm64

Version: 0.0.4
Check: package dependencies
Result: ERROR
    Packages required but not available:
     'GSVAdata', 'clusterProfiler', 'org.Hs.eg.db', 'rWikiPathways'
    
    See section ‘The DESCRIPTION file’ in the ‘Writing R Extensions’
    manual.
Flavor: r-release-macos-x86_64

Version: 0.0.4
Check: package dependencies
Result: ERROR
    Packages required but not available:
     'GSVAdata', 'clusterProfiler', 'rWikiPathways'
    
    See section ‘The DESCRIPTION file’ in the ‘Writing R Extensions’
    manual.
Flavor: r-oldrel-macos-x86_64