CRAN Package Check Results for Package RVenn

Last updated on 2021-10-25 16:49:23 CEST.

Flavor Version Tinstall Tcheck Ttotal Status Flags
r-devel-linux-x86_64-debian-clang 1.1.0 3.69 50.84 54.53 NOTE
r-devel-linux-x86_64-debian-gcc 1.1.0 2.93 38.53 41.46 NOTE
r-devel-linux-x86_64-fedora-clang 1.1.0 76.75 NOTE
r-devel-linux-x86_64-fedora-gcc 1.1.0 65.21 NOTE
r-devel-windows-x86_64 1.1.0 7.00 73.00 80.00 NOTE
r-devel-windows-x86_64-gcc10-UCRT 1.1.0 NOTE
r-patched-linux-x86_64 1.1.0 4.35 47.17 51.52 NOTE
r-patched-solaris-x86 1.1.0 91.80 NOTE
r-release-linux-x86_64 1.1.0 3.77 47.54 51.31 NOTE
r-release-macos-arm64 1.1.0 NOTE
r-release-macos-x86_64 1.1.0 NOTE
r-release-windows-ix86+x86_64 1.1.0 6.00 68.00 74.00 NOTE
r-oldrel-macos-x86_64 1.1.0 OK
r-oldrel-windows-ix86+x86_64 1.1.0 10.00 71.00 81.00 OK

Check Details

Version: 1.1.0
Check: LazyData
Result: NOTE
     'LazyData' is specified without a 'data' directory
Flavors: r-devel-linux-x86_64-debian-clang, r-devel-linux-x86_64-debian-gcc, r-devel-linux-x86_64-fedora-clang, r-devel-linux-x86_64-fedora-gcc, r-devel-windows-x86_64, r-devel-windows-x86_64-gcc10-UCRT, r-patched-linux-x86_64, r-patched-solaris-x86, r-release-linux-x86_64, r-release-macos-arm64, r-release-macos-x86_64, r-release-windows-ix86+x86_64