CRAN Package Check Results for Package RandomFields

Last updated on 2021-10-16 13:52:35 CEST.

Flavor Version Tinstall Tcheck Ttotal Status Flags
r-devel-linux-x86_64-debian-clang 3.3.10 107.54 248.36 355.90 OK
r-devel-linux-x86_64-debian-gcc 3.3.10 84.36 182.91 267.27 OK
r-devel-linux-x86_64-fedora-clang 3.3.10 489.28 NOTE
r-devel-linux-x86_64-fedora-gcc 3.3.10 469.86 OK
r-devel-windows-x86_64 3.3.10 133.00 230.00 363.00 OK
r-devel-windows-x86_64-gcc10-UCRT 3.3.10 OK
r-patched-linux-x86_64 3.3.10 108.51 241.66 350.17 OK
r-patched-solaris-x86 3.3.10 454.30 OK
r-release-linux-x86_64 3.3.10 95.27 239.67 334.94 OK
r-release-macos-arm64 3.3.10 ERROR
r-release-macos-x86_64 3.3.10 ERROR
r-release-windows-ix86+x86_64 3.3.10 262.00 406.00 668.00 NOTE
r-oldrel-macos-x86_64 3.3.10 ERROR
r-oldrel-windows-ix86+x86_64 3.3.10 265.00 418.00 683.00 NOTE

Additional issues

M1mac M1mac

Check Details

Version: 3.3.10
Check: installed package size
Result: NOTE
     installed size is 8.4Mb
     sub-directories of 1Mb or more:
     R 1.6Mb
     help 1.2Mb
     libs 5.4Mb
Flavors: r-devel-linux-x86_64-fedora-clang, r-release-windows-ix86+x86_64, r-oldrel-windows-ix86+x86_64

Version: 3.3.10
Check: whether package can be installed
Result: ERROR
    Installation failed.
Flavors: r-release-macos-arm64, r-release-macos-x86_64, r-oldrel-macos-x86_64