CRAN Package Check Results for Package RapidoPGS

Last updated on 2021-10-20 10:53:15 CEST.

Flavor Version Tinstall Tcheck Ttotal Status Flags
r-devel-linux-x86_64-debian-clang 2.1.0 24.44 221.09 245.53 OK
r-devel-linux-x86_64-debian-gcc 2.1.0 22.82 168.34 191.16 OK
r-devel-linux-x86_64-fedora-clang 2.1.0 298.73 OK
r-devel-linux-x86_64-fedora-gcc 2.1.0 288.70 OK
r-devel-windows-x86_64 2.1.0 37.00 258.00 295.00 OK
r-devel-windows-x86_64-gcc10-UCRT 2.1.0 OK
r-patched-linux-x86_64 2.1.0 24.13 217.40 241.53 OK
r-patched-solaris-x86 2.1.0 395.30 OK
r-release-linux-x86_64 2.1.0 26.21 217.81 244.02 OK
r-release-macos-arm64 2.1.0 OK
r-release-macos-x86_64 2.1.0 OK
r-release-windows-ix86+x86_64 2.1.0 58.00 246.00 304.00 OK
r-oldrel-macos-x86_64 2.1.0 ERROR
r-oldrel-windows-ix86+x86_64 2.1.0 58.00 267.00 325.00 OK

Check Details

Version: 2.1.0
Check: package dependencies
Result: ERROR
    Packages required and available but unsuitable versions:
     'GenomicRanges', 'IRanges'
    
    See section ‘The DESCRIPTION file’ in the ‘Writing R Extensions’
    manual.
Flavor: r-oldrel-macos-x86_64