CRAN Package Check Results for Package Rarity

Last updated on 2021-11-27 03:58:08 CET.

Flavor Version Tinstall Tcheck Ttotal Status Flags
r-devel-linux-x86_64-debian-clang 1.3-6 4.78 31.39 36.17 OK
r-devel-linux-x86_64-debian-gcc 1.3-6 3.82 24.97 28.79 OK
r-devel-linux-x86_64-fedora-clang 1.3-6 56.33 NOTE
r-devel-linux-x86_64-fedora-gcc 1.3-6 47.62 OK
r-devel-windows-x86_64-new-UL 1.3-6 10.00 70.00 80.00 OK
r-devel-windows-x86_64-new-TK 1.3-6 OK
r-devel-windows-x86_64-old 1.3-6 9.00 56.00 65.00 OK
r-patched-linux-x86_64 1.3-6 5.19 30.60 35.79 OK
r-patched-solaris-x86 1.3-6 68.00 OK
r-release-linux-x86_64 1.3-6 OK
r-release-macos-arm64 1.3-6 OK
r-release-macos-x86_64 1.3-6 OK
r-release-windows-ix86+x86_64 1.3-6 10.00 49.00 59.00 OK
r-oldrel-macos-x86_64 1.3-6 OK
r-oldrel-windows-ix86+x86_64 1.3-6 11.00 53.00 64.00 OK

Check Details

Version: 1.3-6
Check: Rd cross-references
Result: NOTE
    Undeclared package ‘arm’ in Rd xrefs
Flavor: r-devel-linux-x86_64-fedora-clang