CRAN Package Check Results for Package Ravages

Last updated on 2021-09-21 04:55:29 CEST.

Flavor Version Tinstall Tcheck Ttotal Status Flags
r-devel-linux-x86_64-debian-clang 0.1.5 283.06 150.09 433.15 OK
r-devel-linux-x86_64-debian-gcc 0.1.5 188.21 122.17 310.38 OK
r-devel-linux-x86_64-fedora-clang 0.1.5 619.55 NOTE
r-devel-linux-x86_64-fedora-gcc 0.1.5 549.97 OK
r-devel-windows-x86_64 0.1.5 259.00 159.00 418.00 NOTE
r-devel-windows-x86_64-gcc10-UCRT 0.1.5 ERROR
r-patched-linux-x86_64 0.1.5 227.49 150.91 378.40 OK
r-patched-solaris-x86 0.1.5 775.40 NOTE
r-release-linux-x86_64 0.1.5 212.67 150.67 363.34 OK
r-release-macos-arm64 0.1.5 NOTE
r-release-macos-x86_64 0.1.5 NOTE
r-release-windows-ix86+x86_64 0.1.5 602.00 253.00 855.00 NOTE
r-oldrel-macos-x86_64 0.1.5 NOTE
r-oldrel-windows-ix86+x86_64 0.1.5 606.00 265.00 871.00 NOTE

Check Details

Version: 0.1.5
Check: installed package size
Result: NOTE
     installed size is 14.6Mb
     sub-directories of 1Mb or more:
     data 3.9Mb
     libs 10.3Mb
Flavors: r-devel-linux-x86_64-fedora-clang, r-devel-windows-x86_64, r-patched-solaris-x86, r-release-macos-arm64, r-release-macos-x86_64, r-release-windows-ix86+x86_64, r-oldrel-macos-x86_64, r-oldrel-windows-ix86+x86_64

Version: 0.1.5
Check: whether package can be installed
Result: ERROR
    Installation failed.
Flavor: r-devel-windows-x86_64-gcc10-UCRT