CRAN Package Check Results for Package Rcereal

Last updated on 2021-09-22 16:50:10 CEST.

Flavor Version Tinstall Tcheck Ttotal Status Flags
r-devel-linux-x86_64-debian-clang 1.2.1.1 2.27 22.84 25.11 NOTE
r-devel-linux-x86_64-debian-gcc 1.2.1.1 1.58 18.55 20.13 NOTE
r-devel-linux-x86_64-fedora-clang 1.2.1.1 40.36 NOTE
r-devel-linux-x86_64-fedora-gcc 1.2.1.1 29.55 NOTE
r-devel-windows-x86_64 1.2.1.1 3.00 31.00 34.00 NOTE
r-devel-windows-x86_64-gcc10-UCRT 1.2.1.1 ERROR
r-patched-linux-x86_64 1.2.1.1 2.08 22.58 24.66 NOTE
r-patched-solaris-x86 1.2.1.1 48.90 NOTE
r-release-linux-x86_64 1.2.1.1 2.09 22.62 24.71 NOTE
r-release-macos-arm64 1.2.1.1 NOTE
r-release-macos-x86_64 1.2.1.1 NOTE
r-release-windows-ix86+x86_64 1.2.1.1 6.00 39.00 45.00 NOTE
r-oldrel-macos-x86_64 1.2.1.1 OK
r-oldrel-windows-ix86+x86_64 1.2.1.1 24.00 30.00 54.00 OK

Check Details

Version: 1.2.1.1
Check: LazyData
Result: NOTE
     'LazyData' is specified without a 'data' directory
Flavors: r-devel-linux-x86_64-debian-clang, r-devel-linux-x86_64-debian-gcc, r-devel-linux-x86_64-fedora-clang, r-devel-linux-x86_64-fedora-gcc, r-devel-windows-x86_64, r-devel-windows-x86_64-gcc10-UCRT, r-patched-linux-x86_64, r-patched-solaris-x86, r-release-linux-x86_64, r-release-macos-arm64, r-release-macos-x86_64, r-release-windows-ix86+x86_64

Version: 1.2.1.1
Check: package dependencies
Result: NOTE
    Package suggested but not available for checking: 'devtools'
Flavor: r-devel-windows-x86_64-gcc10-UCRT

Version: 1.2.1.1
Check: PDF version of manual
Result: WARN
    LaTeX errors when creating PDF version.
    This typically indicates Rd problems.
Flavor: r-devel-windows-x86_64-gcc10-UCRT

Version: 1.2.1.1
Check: PDF version of manual without hyperrefs or index
Result: ERROR
    Re-running with no redirection of stdout/stderr.
Flavor: r-devel-windows-x86_64-gcc10-UCRT