CRAN Package Check Results for Package RcmdrPlugin.NMBU

Last updated on 2021-07-28 22:58:03 CEST.

Flavor Version Tinstall Tcheck Ttotal Status Flags
r-devel-linux-x86_64-debian-clang 1.8.12 NOTE
r-devel-linux-x86_64-debian-gcc 1.8.12 23.32 122.43 145.75 NOTE
r-devel-linux-x86_64-fedora-clang 1.8.12 239.51 NOTE
r-devel-linux-x86_64-fedora-gcc 1.8.12 231.45 NOTE
r-devel-windows-x86_64 1.8.12 39.00 175.00 214.00 NOTE
r-devel-windows-x86_64-gcc10-UCRT 1.8.12 NOTE
r-patched-linux-x86_64 1.8.12 27.58 152.71 180.29 NOTE
r-patched-solaris-x86 1.8.12 351.70 NOTE
r-release-linux-x86_64 1.8.12 26.36 153.44 179.80 NOTE
r-release-macos-arm64 1.8.12 NOTE
r-release-macos-x86_64 1.8.12 NOTE
r-release-windows-ix86+x86_64 1.8.12 51.00 123.00 174.00 NOTE
r-oldrel-macos-x86_64 1.8.12 OK
r-oldrel-windows-ix86+x86_64 1.8.12 51.00 181.00 232.00 OK

Check Details

Version: 1.8.12
Check: LazyData
Result: NOTE
     'LazyData' is specified without a 'data' directory
Flavors: r-devel-linux-x86_64-debian-clang, r-devel-linux-x86_64-debian-gcc, r-devel-linux-x86_64-fedora-clang, r-devel-linux-x86_64-fedora-gcc, r-devel-windows-x86_64, r-devel-windows-x86_64-gcc10-UCRT, r-patched-linux-x86_64, r-patched-solaris-x86, r-release-linux-x86_64, r-release-macos-arm64, r-release-macos-x86_64, r-release-windows-ix86+x86_64