CRAN Package Check Results for Package RcmdrPlugin.UCA

Last updated on 2021-10-28 13:58:22 CEST.

Flavor Version Tinstall Tcheck Ttotal Status Flags
r-devel-linux-x86_64-debian-clang 4.5-1 17.36 139.17 156.53 NOTE
r-devel-linux-x86_64-debian-gcc 4.5-1 15.21 110.44 125.65 NOTE
r-devel-linux-x86_64-fedora-clang 4.5-1 206.74 NOTE
r-devel-linux-x86_64-fedora-gcc 4.5-1 192.80 NOTE
r-devel-windows-x86_64 4.5-1 26.00 171.00 197.00 NOTE
r-devel-windows-x86_64-gcc10-UCRT 4.5-1 NOTE
r-patched-linux-x86_64 4.5-1 17.89 137.59 155.48 NOTE
r-patched-solaris-x86 4.5-1 249.30 NOTE
r-release-linux-x86_64 4.5-1 17.68 137.61 155.29 NOTE
r-release-macos-arm64 4.5-1 NOTE
r-release-macos-x86_64 4.5-1 NOTE
r-release-windows-ix86+x86_64 4.5-1 26.00 6.00 32.00 ERROR
r-oldrel-macos-x86_64 4.5-1 NOTE
r-oldrel-windows-ix86+x86_64 4.5-1 32.00 124.00 156.00 NOTE

Check Details

Version: 4.5-1
Check: package dependencies
Result: NOTE
    Depends: includes the non-default packages:
     'IQCC', 'qcc', 'qicharts2', 'randtests', 'rmarkdown',
     'TeachingDemos', 'tseries'
    Adding so many packages to the search path is excessive and importing
    selectively is preferable.
Flavors: r-devel-linux-x86_64-debian-clang, r-devel-linux-x86_64-debian-gcc, r-devel-linux-x86_64-fedora-clang, r-devel-linux-x86_64-fedora-gcc, r-devel-windows-x86_64, r-devel-windows-x86_64-gcc10-UCRT, r-patched-linux-x86_64, r-patched-solaris-x86, r-release-linux-x86_64, r-release-macos-arm64, r-release-macos-x86_64, r-release-windows-ix86+x86_64, r-oldrel-macos-x86_64, r-oldrel-windows-ix86+x86_64

Version: 4.5-1
Check: whether package can be installed
Result: ERROR
    Installation failed.
Flavor: r-release-windows-ix86+x86_64