CRAN Package Check Results for Package Rcpp

Last updated on 2021-07-29 04:57:08 CEST.

Flavor Version Tinstall Tcheck Ttotal Status Flags
r-devel-linux-x86_64-debian-clang 1.0.7 OK
r-devel-linux-x86_64-debian-gcc 1.0.7 32.59 64.90 97.49 OK
r-devel-linux-x86_64-fedora-clang 1.0.7 202.85 NOTE
r-devel-linux-x86_64-fedora-gcc 1.0.7 177.65 NOTE
r-devel-windows-x86_64 1.0.7 63.00 121.00 184.00 NOTE
r-devel-windows-x86_64-gcc10-UCRT 1.0.7 OK
r-patched-linux-x86_64 1.0.7 50.19 80.63 130.82 OK
r-patched-solaris-x86 1.0.7 170.90 NOTE
r-release-linux-x86_64 1.0.7 49.34 80.18 129.52 OK
r-release-macos-arm64 1.0.7 NOTE
r-release-macos-x86_64 1.0.7 NOTE
r-release-windows-ix86+x86_64 1.0.7 5.00 6.00 11.00 ERROR
r-oldrel-macos-x86_64 1.0.7 NOTE
r-oldrel-windows-ix86+x86_64 1.0.7 111.00 137.00 248.00 NOTE

Check Details

Version: 1.0.7
Check: installed package size
Result: NOTE
     installed size is 13.6Mb
     sub-directories of 1Mb or more:
     doc 1.1Mb
     include 6.4Mb
     libs 4.0Mb
Flavors: r-devel-linux-x86_64-fedora-clang, r-devel-windows-x86_64, r-patched-solaris-x86, r-release-macos-arm64, r-release-macos-x86_64, r-oldrel-macos-x86_64, r-oldrel-windows-ix86+x86_64

Version: 1.0.7
Check: foreign function calls
Result: NOTE
    Registration problem:
     symbol ‘symbol’ in the local frame:
     .Call(symbol)
    See chapter ‘System and foreign language interfaces’ in the ‘Writing R
    Extensions’ manual.
Flavors: r-devel-linux-x86_64-fedora-clang, r-devel-linux-x86_64-fedora-gcc

Version: 1.0.7
Check: whether package can be installed
Result: ERROR
    Installation failed.
Flavor: r-release-windows-ix86+x86_64