CRAN Package Check Results for Package RcppCNPy

Last updated on 2021-09-22 13:52:59 CEST.

Flavor Version Tinstall Tcheck Ttotal Status Flags
r-devel-linux-x86_64-debian-clang 0.2.10 24.80 60.38 85.18 OK
r-devel-linux-x86_64-debian-gcc 0.2.10 15.96 48.35 64.31 OK
r-devel-windows-x86_64 0.2.10 20.00 88.00 108.00 OK
r-devel-windows-x86_64-gcc10-UCRT 0.2.10 ERROR
r-patched-linux-x86_64 0.2.10 17.09 62.57 79.66 OK
r-patched-solaris-x86 0.2.10 89.70 OK
r-release-linux-x86_64 0.2.10 19.45 61.96 81.41 OK
r-release-macos-arm64 0.2.10 OK
r-release-macos-x86_64 0.2.10 OK
r-release-windows-ix86+x86_64 0.2.10 56.00 131.00 187.00 OK
r-oldrel-macos-x86_64 0.2.10 OK
r-oldrel-windows-ix86+x86_64 0.2.10 72.00 87.00 159.00 OK

Check Details

Version: 0.2.10
Check: package dependencies
Result: NOTE
    Package suggested but not available for checking: 'reticulate'
Flavor: r-devel-windows-x86_64-gcc10-UCRT

Version: 0.2.10
Check: whether package can be installed
Result: ERROR
    Installation failed.
Flavor: r-devel-windows-x86_64-gcc10-UCRT