CRAN Package Check Results for Package RcppCWB

Last updated on 2021-09-21 07:50:30 CEST.

Flavor Version Tinstall Tcheck Ttotal Status Flags
r-devel-linux-x86_64-debian-clang 0.4.3 62.23 34.65 96.88 OK
r-devel-linux-x86_64-debian-gcc 0.4.3 38.94 26.81 65.75 OK
r-devel-linux-x86_64-fedora-clang 0.4.3 134.77 OK
r-devel-linux-x86_64-fedora-gcc 0.4.3 118.45 OK
r-devel-windows-x86_64 0.4.3 40.00 57.00 97.00 NOTE
r-devel-windows-x86_64-gcc10-UCRT 0.4.3 ERROR
r-patched-linux-x86_64 0.4.3 47.25 33.51 80.76 OK
r-patched-solaris-x86 0.4.3 147.10 OK
r-release-linux-x86_64 0.4.3 48.13 33.37 81.50 OK
r-release-macos-arm64 0.4.3 NOTE
r-release-macos-x86_64 0.4.3 NOTE
r-release-windows-ix86+x86_64 0.4.3 98.00 102.00 200.00 NOTE
r-oldrel-macos-x86_64 0.4.3 NOTE
r-oldrel-windows-ix86+x86_64 0.4.3 94.00 95.00 189.00 NOTE

Check Details

Version: 0.4.3
Check: installed package size
Result: NOTE
     installed size is 5.3Mb
     sub-directories of 1Mb or more:
     extdata 1.8Mb
     libs 3.3Mb
Flavors: r-devel-windows-x86_64, r-release-macos-arm64, r-release-macos-x86_64, r-release-windows-ix86+x86_64, r-oldrel-macos-x86_64, r-oldrel-windows-ix86+x86_64

Version: 0.4.3
Check: whether package can be installed
Result: ERROR
    Installation failed.
Flavor: r-devel-windows-x86_64-gcc10-UCRT