CRAN Package Check Results for Package RcppProgress

Last updated on 2021-09-25 04:57:47 CEST.

Flavor Version Tinstall Tcheck Ttotal Status Flags
r-devel-linux-x86_64-debian-clang 0.4.2 1.42 114.30 115.72 OK
r-devel-linux-x86_64-debian-gcc 0.4.2 1.06 64.91 65.97 OK
r-devel-linux-x86_64-fedora-clang 0.4.2 206.93 OK
r-devel-linux-x86_64-fedora-gcc 0.4.2 177.19 OK
r-devel-windows-x86_64 0.4.2 4.00 138.00 142.00 OK
r-devel-windows-x86_64-gcc10-UCRT 0.4.2 ERROR
r-patched-linux-x86_64 0.4.2 1.48 88.33 89.81 OK
r-patched-solaris-x86 0.4.2 229.60 OK
r-release-linux-x86_64 0.4.2 1.22 89.43 90.65 OK
r-release-macos-arm64 0.4.2 OK
r-release-macos-x86_64 0.4.2 OK
r-release-windows-ix86+x86_64 0.4.2 5.00 165.00 170.00 OK
r-oldrel-macos-x86_64 0.4.2 OK
r-oldrel-windows-ix86+x86_64 0.4.2 31.00 139.00 170.00 OK

Check Details

Version: 0.4.2
Check: tests
Result: ERROR
     Running 'testthat.R'
    Running the tests in 'tests/testthat.R' failed.
    Complete output:
     > library(testthat)
     > library(RcppProgress)
     >
     > test_check("RcppProgress")
     0% 10 20 30 40 50 60 70 80 90 100%
     [----|----|----|----|----|----|----|----|----|----|
     **************************************************|
     ══ Failed tests ════════════════════════════════════════════════════════════════
     ── Failure (test-pkg_examples.R:13:3): test_multithreaded ──────────────────────
     `test_multithreaded(nb = 1000, threads = 4)` threw an error.
     Message: System command 'Rcmd.exe' failed, exit status: 1, stdout + stderr:
     E> * installing *source* package 'RcppProgressExample' ...
     E> ** using staged installation
     E> ** libs
     E> Warning in system(paste(cmd, "shlib-clean")) : 'make' not found
     E> Warning in system(cmd) : 'make' not found
     E> ERROR: compilation failed for package 'RcppProgressExample'
     E> * removing 'C:/msys64/home/tomas/ucrt3/svn/ucrt3/r_packages/pkgcheck/CRAN/RcppProgress/tmp/RtmpmArXK0/devtools_install_2fb545ab51a48/RcppProgressExample'
     Class: system_command_status_error/system_command_error/rlib_error_2_0/rlib_error/error/condition
     Backtrace:
     █
     1. └─RcppProgress:::.test_multithreaded()
     2. ├─testthat::expect_error(...) test-pkg_examples.R:13:2
     3. │ └─testthat:::quasi_capture(...)
     4. │ ├─testthat:::.capture(...)
     5. │ │ └─base::withCallingHandlers(...)
     6. │ └─rlang::eval_bare(quo_get_expr(.quo), quo_get_env(.quo))
     7. └─global::test_multithreaded(nb = 1000, threads = 4)
     8. └─global::load_my_example_pkg(pkg, ...)
     9. └─devtools::load_all(path, quiet = TRUE, ...)
     10. └─pkgload::load_all(...)
     11. └─pkgbuild::compile_dll(path, quiet = quiet)
     12. ├─withr::with_makevars(...)
     13. │ ├─withr::with_envvar(...)
     14. │ │ └─base::force(code)
     15. │ └─base::force(code)
     16. └─pkgbuild:::install_min(...)
     17. └─pkgbuild::rcmd_build_tools(...)
     18. ├─pkgbuild::with_build_tools(...)
     19. │ └─withr::with_path(rtools_path(), code)
     20. │ └─base::force(code)
     21. └─callr::rcmd_safe(...)
     22. └─callr:::run_r(options)
     23. ├─base::with(...)
     24. └─base::with.default(...)
     25. └─base::eval(substitute(expr), data, enclos = parent.frame())
     26. └─base::eval(substitute(expr), data, enclos = parent.frame())
     27. ├─callr:::with_envvar(...)
     28. │ └─base::force(code)
     29. ├─base::do.call(...)
     30. └─(function (command = NULL, args = character(), error_on_status = TRUE, ...
     31. └─throw(...)
     ── Failure (test-pkg_examples.R:20:3): amardillo_multithreaded ─────────────────
     `amardillo_multithreaded(nb = 1000, threads = 4)` threw an error.
     Message: System command 'Rcmd.exe' failed, exit status: 1, stdout + stderr:
     E> * installing *source* package 'RcppProgressArmadillo' ...
     E> ** using staged installation
     E> ** libs
     E> Warning in system(paste(cmd, "shlib-clean")) : 'make' not found
     E> Warning in system(cmd) : 'make' not found
     E> ERROR: compilation failed for package 'RcppProgressArmadillo'
     E> * removing 'C:/msys64/home/tomas/ucrt3/svn/ucrt3/r_packages/pkgcheck/CRAN/RcppProgress/tmp/RtmpmArXK0/devtools_install_2fb542e9521b3/RcppProgressArmadillo'
     Class: system_command_status_error/system_command_error/rlib_error_2_0/rlib_error/error/condition
     Backtrace:
     █
     1. └─RcppProgress:::.amardillo_multithreaded()
     2. ├─testthat::expect_error(...) test-pkg_examples.R:20:2
     3. │ └─testthat:::quasi_capture(...)
     4. │ ├─testthat:::.capture(...)
     5. │ │ └─base::withCallingHandlers(...)
     6. │ └─rlang::eval_bare(quo_get_expr(.quo), quo_get_env(.quo))
     7. └─global::amardillo_multithreaded(nb = 1000, threads = 4)
     8. └─global::load_my_example_pkg(pkg, ...)
     9. └─devtools::load_all(path, quiet = TRUE, ...)
     10. └─pkgload::load_all(...)
     11. └─pkgbuild::compile_dll(path, quiet = quiet)
     12. ├─withr::with_makevars(...)
     13. │ ├─withr::with_envvar(...)
     14. │ │ └─base::force(code)
     15. │ └─base::force(code)
     16. └─pkgbuild:::install_min(...)
     17. └─pkgbuild::rcmd_build_tools(...)
     18. ├─pkgbuild::with_build_tools(...)
     19. │ └─withr::with_path(rtools_path(), code)
     20. │ └─base::force(code)
     21. └─callr::rcmd_safe(...)
     22. └─callr:::run_r(options)
     23. ├─base::with(...)
     24. └─base::with.default(...)
     25. └─base::eval(substitute(expr), data, enclos = parent.frame())
     26. └─base::eval(substitute(expr), data, enclos = parent.frame())
     27. ├─callr:::with_envvar(...)
     28. │ └─base::force(code)
     29. ├─base::do.call(...)
     30. └─(function (command = NULL, args = character(), error_on_status = TRUE, ...
     31. └─throw(...)
     ── Failure (test-pkg_examples.R:28:3): eta_progress_bar ────────────────────────
     `eta_progress_bar(nb = 1000)` threw an error.
     Message: System command 'Rcmd.exe' failed, exit status: 1, stdout + stderr:
     E> * installing *source* package 'RcppProgressETA' ...
     E> ** using staged installation
     E> ** libs
     E> Warning in system(paste(cmd, "shlib-clean")) : 'make' not found
     E> Warning in system(cmd) : 'make' not found
     E> ERROR: compilation failed for package 'RcppProgressETA'
     E> * removing 'C:/msys64/home/tomas/ucrt3/svn/ucrt3/r_packages/pkgcheck/CRAN/RcppProgress/tmp/RtmpmArXK0/devtools_install_2fb542c3212e2/RcppProgressETA'
     Class: system_command_status_error/system_command_error/rlib_error_2_0/rlib_error/error/condition
     Backtrace:
     █
     1. └─RcppProgress:::.eta_progress_bar()
     2. ├─testthat::expect_error(eta_progress_bar(nb = 1000), NA) test-pkg_examples.R:28:2
     3. │ └─testthat:::quasi_capture(...)
     4. │ ├─testthat:::.capture(...)
     5. │ │ └─base::withCallingHandlers(...)
     6. │ └─rlang::eval_bare(quo_get_expr(.quo), quo_get_env(.quo))
     7. └─global::eta_progress_bar(nb = 1000)
     8. └─global::load_my_example_pkg(pkg)
     9. └─devtools::load_all(path, quiet = TRUE, ...)
     10. └─pkgload::load_all(...)
     11. └─pkgbuild::compile_dll(path, quiet = quiet)
     12. ├─withr::with_makevars(...)
     13. │ ├─withr::with_envvar(...)
     14. │ │ └─base::force(code)
     15. │ └─base::force(code)
     16. └─pkgbuild:::install_min(...)
     17. └─pkgbuild::rcmd_build_tools(...)
     18. ├─pkgbuild::with_build_tools(...)
     19. │ └─withr::with_path(rtools_path(), code)
     20. │ └─base::force(code)
     21. └─callr::rcmd_safe(...)
     22. └─callr:::run_r(options)
     23. ├─base::with(...)
     24. └─base::with.default(...)
     25. └─base::eval(substitute(expr), data, enclos = parent.frame())
     26. └─base::eval(substitute(expr), data, enclos = parent.frame())
     27. ├─callr:::with_envvar(...)
     28. │ └─base::force(code)
     29. ├─base::do.call(...)
     30. └─(function (command = NULL, args = character(), error_on_status = TRUE, ...
     31. └─throw(...)
    
     [ FAIL 3 | WARN 1 | SKIP 0 | PASS 1 ]
     Error: Test failures
     Execution halted
Flavor: r-devel-windows-x86_64-gcc10-UCRT