CRAN Package Check Results for Package RcppRedis

Last updated on 2021-09-21 04:55:30 CEST.

Flavor Version Tinstall Tcheck Ttotal Status Flags
r-devel-linux-x86_64-debian-clang 0.1.11 23.27 43.17 66.44 OK
r-devel-linux-x86_64-debian-gcc 0.1.11 18.14 32.72 50.86 OK
r-devel-linux-x86_64-fedora-clang 0.1.11 106.92 OK
r-devel-linux-x86_64-fedora-gcc 0.1.11 96.94 OK
r-devel-windows-x86_64 0.1.11 23.00 55.00 78.00 OK
r-devel-windows-x86_64-gcc10-UCRT 0.1.11 ERROR
r-patched-linux-x86_64 0.1.11 20.99 41.37 62.36 OK
r-release-linux-x86_64 0.1.11 21.81 41.20 63.01 OK
r-release-macos-arm64 0.1.11 OK
r-release-macos-x86_64 0.1.11 OK
r-release-windows-ix86+x86_64 0.1.11 53.00 90.00 143.00 OK
r-oldrel-macos-x86_64 0.1.11 OK
r-oldrel-windows-ix86+x86_64 0.1.11 52.00 79.00 131.00 OK

Check Details

Version: 0.1.11
Check: whether package can be installed
Result: ERROR
    Installation failed.
Flavor: r-devel-windows-x86_64-gcc10-UCRT