CRAN Package Check Results for Package RcppUUID

Last updated on 2024-06-15 16:49:13 CEST.

Flavor Version Tinstall Tcheck Ttotal Status Flags
r-devel-linux-x86_64-debian-clang 1.1.1 30.58 29.04 59.62 NOTE
r-devel-linux-x86_64-debian-gcc 1.1.1 21.59 22.36 43.95 NOTE
r-devel-linux-x86_64-fedora-clang 1.1.1 84.56 NOTE
r-devel-linux-x86_64-fedora-gcc 1.1.1 80.42 NOTE
r-devel-windows-x86_64 1.1.1 26.00 70.00 96.00 NOTE
r-patched-linux-x86_64 1.1.1 27.62 27.65 55.27 NOTE
r-release-linux-x86_64 1.1.1 24.61 28.28 52.89 NOTE
r-release-macos-arm64 1.1.1 24.00 NOTE
r-release-macos-x86_64 1.1.1 29.00 NOTE
r-release-windows-x86_64 1.1.1 26.00 69.00 95.00 NOTE
r-oldrel-macos-arm64 1.1.1 26.00 NOTE
r-oldrel-macos-x86_64 1.1.1 38.00 NOTE
r-oldrel-windows-x86_64 1.1.1 25.00 74.00 99.00 NOTE

Check Details

Version: 1.1.1
Check: C++ specification
Result: NOTE Specified C++11: please drop specification unless essential Flavors: r-devel-linux-x86_64-debian-clang, r-devel-linux-x86_64-debian-gcc, r-devel-linux-x86_64-fedora-clang, r-devel-linux-x86_64-fedora-gcc, r-devel-windows-x86_64, r-patched-linux-x86_64, r-release-linux-x86_64, r-release-macos-arm64, r-release-macos-x86_64, r-release-windows-x86_64, r-oldrel-macos-arm64, r-oldrel-macos-x86_64, r-oldrel-windows-x86_64