CRAN Package Check Results for Package Rdimtools

Last updated on 2021-09-22 10:51:52 CEST.

Flavor Version Tinstall Tcheck Ttotal Status Flags
r-devel-linux-x86_64-debian-clang 1.0.8 292.65 230.19 522.84 OK
r-devel-linux-x86_64-debian-gcc 1.0.8 204.26 171.43 375.69 OK
r-devel-linux-x86_64-fedora-clang 1.0.8 730.54 NOTE
r-devel-linux-x86_64-fedora-gcc 1.0.8 673.88 OK
r-devel-windows-x86_64 1.0.8 262.00 235.00 497.00 NOTE
r-devel-windows-x86_64-gcc10-UCRT 1.0.8 ERROR
r-patched-linux-x86_64 1.0.8 206.26 220.15 426.41 OK
r-patched-solaris-x86 1.0.8 555.00 NOTE
r-release-linux-x86_64 1.0.8 237.10 218.59 455.69 OK
r-release-macos-arm64 1.0.8 NOTE
r-release-macos-x86_64 1.0.8 NOTE
r-release-windows-ix86+x86_64 1.0.8 624.00 402.00 1026.00 NOTE
r-oldrel-macos-x86_64 1.0.8 NOTE
r-oldrel-windows-ix86+x86_64 1.0.8 468.00 316.00 784.00 NOTE

Check Details

Version: 1.0.8
Check: installed package size
Result: NOTE
     installed size is 21.4Mb
     sub-directories of 1Mb or more:
     data 1.9Mb
     libs 17.7Mb
Flavors: r-devel-linux-x86_64-fedora-clang, r-devel-windows-x86_64, r-patched-solaris-x86, r-release-macos-arm64, r-release-macos-x86_64, r-release-windows-ix86+x86_64, r-oldrel-macos-x86_64, r-oldrel-windows-ix86+x86_64

Version: 1.0.8
Check: Rd cross-references
Result: NOTE
    Undeclared package ‘Rtsne’ in Rd xrefs
Flavor: r-devel-linux-x86_64-fedora-clang

Version: 1.0.8
Check: package dependencies
Result: ERROR
    Package required but not available: 'maotai'
    
    See section 'The DESCRIPTION file' in the 'Writing R Extensions'
    manual.
Flavor: r-devel-windows-x86_64-gcc10-UCRT