CRAN Package Check Results for Package ReDaMoR

Last updated on 2021-10-19 04:52:03 CEST.

Flavor Version Tinstall Tcheck Ttotal Status Flags
r-devel-linux-x86_64-debian-clang 0.4.3 12.43 87.95 100.38 NOTE
r-devel-linux-x86_64-debian-gcc 0.4.3 8.27 64.97 73.24 NOTE
r-devel-linux-x86_64-fedora-clang 0.4.3 128.12 NOTE
r-devel-linux-x86_64-fedora-gcc 0.4.3 114.74 NOTE
r-devel-windows-x86_64 0.4.3 22.00 113.00 135.00 NOTE
r-devel-windows-x86_64-gcc10-UCRT 0.4.3 NOTE
r-patched-linux-x86_64 0.4.3 17.89 82.63 100.52 NOTE
r-patched-solaris-x86 0.4.3 154.10 WARN
r-release-linux-x86_64 0.4.3 10.12 82.73 92.85 NOTE
r-release-macos-arm64 0.4.3 NOTE
r-release-macos-x86_64 0.4.3 WARN
r-release-windows-ix86+x86_64 0.4.3 27.00 107.00 134.00 NOTE
r-oldrel-macos-x86_64 0.4.3 WARN
r-oldrel-windows-ix86+x86_64 0.4.3 27.00 111.00 138.00 OK

Check Details

Version: 0.4.3
Check: LazyData
Result: NOTE
     'LazyData' is specified without a 'data' directory
Flavors: r-devel-linux-x86_64-debian-clang, r-devel-linux-x86_64-debian-gcc, r-devel-linux-x86_64-fedora-clang, r-devel-linux-x86_64-fedora-gcc, r-devel-windows-x86_64, r-devel-windows-x86_64-gcc10-UCRT, r-patched-linux-x86_64, r-patched-solaris-x86, r-release-linux-x86_64, r-release-macos-arm64, r-release-macos-x86_64, r-release-windows-ix86+x86_64

Version: 0.4.3
Check: dependencies in R code
Result: NOTE
    Namespace in Imports field not imported from: ‘igraph’
     All declared Imports should be used.
Flavors: r-devel-linux-x86_64-fedora-clang, r-devel-linux-x86_64-fedora-gcc, r-devel-windows-x86_64-gcc10-UCRT, r-patched-solaris-x86, r-release-macos-arm64, r-release-macos-x86_64, r-oldrel-macos-x86_64

Version: 0.4.3
Check: re-building of vignette outputs
Result: WARN
    Error(s) in re-building vignettes:
     ...
    --- re-building ‘ReDaMoR.Rmd’ using rmarkdown
    Pandoc is required to build R Markdown vignettes but not available. Please make sure it is installed.
    Quitting from lines 157-163 (ReDaMoR.Rmd)
    Error: processing vignette 'ReDaMoR.Rmd' failed with diagnostics:
    there is no package called 'webshot'
    --- failed re-building ‘ReDaMoR.Rmd’
    
    SUMMARY: processing the following file failed:
     ‘ReDaMoR.Rmd’
    
    Error: Vignette re-building failed.
    Execution halted
Flavor: r-patched-solaris-x86

Version: 0.4.3
Check: re-building of vignette outputs
Result: WARN
    Error(s) in re-building vignettes:
     ...
    --- re-building ‘ReDaMoR.Rmd’ using rmarkdown
    Warning in engine$weave(file, quiet = quiet, encoding = enc) :
     Pandoc (>= 1.12.3) not available. Falling back to R Markdown v1.
    Quitting from lines 157-163 (ReDaMoR.Rmd)
    Error: processing vignette 'ReDaMoR.Rmd' failed with diagnostics:
    invalid 'path' argument
    --- failed re-building ‘ReDaMoR.Rmd’
    
    SUMMARY: processing the following file failed:
     ‘ReDaMoR.Rmd’
    
    Error: Vignette re-building failed.
    Execution halted
Flavor: r-release-macos-x86_64

Version: 0.4.3
Check: re-building of vignette outputs
Result: WARN
    Error(s) in re-building vignettes:
     ...
    --- re-building ‘ReDaMoR.Rmd’ using rmarkdown
    Warning in engine$weave(file, quiet = quiet, encoding = enc) :
     Pandoc (>= 1.12.3) and/or pandoc-citeproc not available. Falling back to R Markdown v1.
    Quitting from lines 157-163 (ReDaMoR.Rmd)
    Error: processing vignette 'ReDaMoR.Rmd' failed with diagnostics:
    cannot open the connection
    --- failed re-building ‘ReDaMoR.Rmd’
    
    SUMMARY: processing the following file failed:
     ‘ReDaMoR.Rmd’
    
    Error: Vignette re-building failed.
    Execution halted
Flavor: r-oldrel-macos-x86_64