CRAN Package Check Results for Package ReIns

Last updated on 2021-09-17 16:50:22 CEST.

Flavor Version Tinstall Tcheck Ttotal Status Flags
r-devel-linux-x86_64-debian-clang 1.0.10 74.09 182.87 256.96 OK
r-devel-linux-x86_64-debian-gcc 1.0.10 48.79 135.10 183.89 OK
r-devel-linux-x86_64-fedora-clang 1.0.10 333.02 OK
r-devel-linux-x86_64-fedora-gcc 1.0.10 308.02 OK
r-devel-windows-x86_64 1.0.10 70.00 258.00 328.00 OK
r-devel-windows-x86_64-gcc10-UCRT 1.0.10 OK
r-patched-linux-x86_64 1.0.10 61.37 176.65 238.02 OK
r-patched-solaris-x86 1.0.10 366.80 OK
r-release-linux-x86_64 1.0.10 56.09 174.73 230.82 OK
r-release-macos-arm64 1.0.10 NOTE
r-release-macos-x86_64 1.0.10 OK
r-release-windows-ix86+x86_64 1.0.10 157.00 341.00 498.00 OK
r-oldrel-macos-x86_64 1.0.10 OK
r-oldrel-windows-ix86+x86_64 1.0.10 153.00 344.00 497.00 OK

Check Details

Version: 1.0.10
Check: package dependencies
Result: NOTE
    Packages suggested but not available for checking: 'interval', 'Icens'
Flavor: r-release-macos-arm64

Version: 1.0.10
Check: Rd cross-references
Result: NOTE
    Package unavailable to check Rd xrefs: ‘interval’
Flavor: r-release-macos-arm64