CRAN Package Check Results for Package ReinforcementLearning

Last updated on 2021-10-17 07:50:55 CEST.

Flavor Version Tinstall Tcheck Ttotal Status Flags
r-devel-linux-x86_64-debian-clang 1.0.5 6.99 49.72 56.71 OK
r-devel-linux-x86_64-debian-gcc 1.0.5 6.35 38.68 45.03 OK
r-devel-linux-x86_64-fedora-clang 1.0.5 80.41 NOTE
r-devel-linux-x86_64-fedora-gcc 1.0.5 68.15 NOTE
r-devel-windows-x86_64 1.0.5 13.00 73.00 86.00 OK
r-devel-windows-x86_64-gcc10-UCRT 1.0.5 NOTE
r-patched-linux-x86_64 1.0.5 6.67 47.73 54.40 OK
r-patched-solaris-x86 1.0.5 99.90 NOTE
r-release-linux-x86_64 1.0.5 7.73 47.09 54.82 OK
r-release-macos-arm64 1.0.5 NOTE
r-release-macos-x86_64 1.0.5 NOTE
r-release-windows-ix86+x86_64 1.0.5 15.00 74.00 89.00 OK
r-oldrel-macos-x86_64 1.0.5 NOTE
r-oldrel-windows-ix86+x86_64 1.0.5 16.00 69.00 85.00 OK

Check Details

Version: 1.0.5
Check: dependencies in R code
Result: NOTE
    Namespace in Imports field not imported from: ‘ggplot2’
     All declared Imports should be used.
Flavors: r-devel-linux-x86_64-fedora-clang, r-devel-linux-x86_64-fedora-gcc, r-devel-windows-x86_64-gcc10-UCRT, r-patched-solaris-x86, r-release-macos-arm64, r-release-macos-x86_64, r-oldrel-macos-x86_64