CRAN Package Check Results for Package Relectoral

Last updated on 2024-02-22 04:05:02 CET.

Flavor Version Tinstall Tcheck Ttotal Status Flags
r-devel-linux-x86_64-debian-clang 0.1.0 NOTE
r-devel-linux-x86_64-debian-gcc 0.1.0 14.39 104.23 118.62 NOTE
r-devel-linux-x86_64-fedora-clang 0.1.0 206.11 NOTE
r-devel-linux-x86_64-fedora-gcc 0.1.0 214.06 NOTE
r-devel-windows-x86_64 0.1.0 13.00 112.00 125.00 NOTE
r-patched-linux-x86_64 0.1.0 11.34 136.85 148.19 NOTE
r-release-linux-x86_64 0.1.0 10.89 135.78 146.67 NOTE
r-release-macos-arm64 0.1.0 61.00 NOTE
r-release-macos-x86_64 0.1.0 94.00 NOTE
r-release-windows-x86_64 0.1.0 18.00 136.00 154.00 NOTE
r-oldrel-macos-arm64 0.1.0 54.00 NOTE
r-oldrel-windows-x86_64 0.1.0 18.00 133.00 151.00 NOTE

Check Details

Version: 0.1.0
Check: Rd files
Result: NOTE checkRd: (-1) polarizacion_Dalton.Rd:26: Lost braces; missing escapes or markup? 26 | {Pd = sqrt(sum(p_j*(x_j-mean(x_p))/4.5)^2)} | ^ checkRd: (-1) reparto_div.Rd:37: Lost braces; missing escapes or markup? 37 | The set of divisors is formed by the odd numbers, that is {1,3,..,2n+1}. | ^ Flavors: r-devel-linux-x86_64-debian-clang, r-devel-linux-x86_64-debian-gcc, r-devel-linux-x86_64-fedora-clang, r-devel-linux-x86_64-fedora-gcc

Version: 0.1.0
Check: LazyData
Result: NOTE 'LazyData' is specified without a 'data' directory Flavors: r-devel-linux-x86_64-debian-clang, r-devel-linux-x86_64-debian-gcc, r-devel-linux-x86_64-fedora-clang, r-devel-linux-x86_64-fedora-gcc, r-devel-windows-x86_64, r-patched-linux-x86_64, r-release-linux-x86_64, r-release-macos-arm64, r-release-macos-x86_64, r-release-windows-x86_64, r-oldrel-macos-arm64, r-oldrel-windows-x86_64

Version: 0.1.0
Check: dependencies in R code
Result: NOTE Namespace in Imports field not imported from: ‘rmarkdown’ All declared Imports should be used. Flavors: r-devel-linux-x86_64-fedora-clang, r-devel-linux-x86_64-fedora-gcc, r-oldrel-macos-arm64