CRAN Package Check Results for Package ResearchAssociate

Last updated on 2021-08-05 16:49:29 CEST.

Flavor Version Tinstall Tcheck Ttotal Status Flags
r-devel-linux-x86_64-debian-clang 1.0.1 5.51 54.62 60.13 NOTE
r-devel-linux-x86_64-debian-gcc 1.0.1 4.44 40.84 45.28 NOTE
r-devel-linux-x86_64-fedora-clang 1.0.1 80.68 NOTE
r-devel-linux-x86_64-fedora-gcc 1.0.1 67.97 NOTE
r-devel-windows-x86_64 1.0.1 9.00 77.00 86.00 NOTE
r-devel-windows-x86_64-gcc10-UCRT 1.0.1 ERROR
r-patched-linux-x86_64 1.0.1 5.50 50.76 56.26 NOTE
r-patched-solaris-x86 1.0.1 100.20 NOTE
r-release-linux-x86_64 1.0.1 4.92 50.92 55.84 NOTE
r-release-macos-arm64 1.0.1 NOTE
r-release-macos-x86_64 1.0.1 NOTE
r-release-windows-ix86+x86_64 1.0.1 16.00 57.00 73.00 NOTE
r-oldrel-macos-x86_64 1.0.1 OK
r-oldrel-windows-ix86+x86_64 1.0.1 32.00 75.00 107.00 OK

Check Details

Version: 1.0.1
Check: LazyData
Result: NOTE
     'LazyData' is specified without a 'data' directory
Flavors: r-devel-linux-x86_64-debian-clang, r-devel-linux-x86_64-debian-gcc, r-devel-linux-x86_64-fedora-clang, r-devel-linux-x86_64-fedora-gcc, r-devel-windows-x86_64, r-patched-linux-x86_64, r-patched-solaris-x86, r-release-linux-x86_64, r-release-macos-arm64, r-release-macos-x86_64, r-release-windows-ix86+x86_64

Version: 1.0.1
Check: package dependencies
Result: ERROR
    Package required but not available: 'ggplot2'
    
    See section 'The DESCRIPTION file' in the 'Writing R Extensions'
    manual.
Flavor: r-devel-windows-x86_64-gcc10-UCRT