Last updated on 2023-12-03 09:54:13 CET.
Flavor | Version | Tinstall | Tcheck | Ttotal | Status | Flags |
---|---|---|---|---|---|---|
r-devel-linux-x86_64-debian-clang | 1.2.1 | 14.39 | 160.54 | 174.93 | OK | |
r-devel-linux-x86_64-debian-gcc | 1.2.1 | 8.95 | 117.67 | 126.62 | OK | |
r-devel-linux-x86_64-fedora-clang | 1.2.1 | 226.37 | OK | |||
r-devel-linux-x86_64-fedora-gcc | 1.2.1 | 212.54 | OK | |||
r-devel-windows-x86_64 | 1.2.1 | 13.00 | 136.00 | 149.00 | OK | |
r-patched-linux-x86_64 | 1.2.0 | 10.26 | 159.24 | 169.50 | ERROR | |
r-release-linux-x86_64 | 1.2.0 | 10.27 | 158.14 | 168.41 | OK | |
r-release-macos-arm64 | 1.2.1 | 58.00 | OK | |||
r-release-macos-x86_64 | 1.2.1 | 151.00 | OK | |||
r-release-windows-x86_64 | 1.2.1 | 18.00 | 173.00 | 191.00 | OK | |
r-oldrel-macos-arm64 | 1.2.1 | 10.00 | ERROR | |||
r-oldrel-macos-x86_64 | 1.1.1 | 11.00 | ERROR | |||
r-oldrel-windows-x86_64 | 1.2.1 | 16.00 | 166.00 | 182.00 | OK |
Version: 1.2.0
Check: tests
Result: ERROR
Running ‘testthat.R’ [65s/72s]
Running the tests in ‘tests/testthat.R’ failed.
Complete output:
> library(testthat)
> library(RevGadgets)
>
> test_check("RevGadgets")
|
| | 0%
|
|========================================| 100%
|
| | 0%
|
|========================================| 100%
|
| | 0%
|
|========================================| 100%
|
| | 0%
|
|========================================| 100%
|
| | 0%
|
|========================================| 100%
|
| | 0%
|
|========================================| 100%
|
| | 0%
|
|========================================| 100%
|
| | 0%
|
|========================================| 100%
|
| | 0%
|
|==== | 10%
|
|======== | 20%
|
|============ | 30%
|
|================ | 40%
|
|==================== | 50%
|
|======================== | 60%
|
|============================ | 70%
|
|================================ | 80%
|
|==================================== | 90%
|
|========================================| 100%
|
| | 0%
|
|========================================| 100%
[ FAIL 2 | WARN 42 | SKIP 0 | PASS 140 ]
══ Failed tests ════════════════════════════════════════════════════════════════
── Failure ('test_plotPopSizes.R:58:9'): plot population size trajectories ─────
plot_new_2$scales not equal to plot_orig$scales.
Component "scales": Component 1: Component 2: Component 5: Component 2: Component 2: Component 5: Component 2: Component 2: Component 5: Component 2: Component 2: Component 5: Component 2: Component 2: Component 5: Component 2: Component 2: Component 5: Component 2: Component 2: Component 5: Component 2: Component 2: Component 5: Component 2: Component 2: Component 5: Component 2: Component 2: Component 5: Component 2: Component 2: Component 5: Component 2: Component 2: Component 5: Component 2: Component 18: Component 5: Component 16: Component 6: Component 8: Component 19: Component 7: Component 7: Names: 4 string mismatches
Component "scales": Component 1: Component 2: Component 5: Component 2: Component 2: Component 5: Component 2: Component 2: Component 5: Component 2: Component 2: Component 5: Component 2: Component 2: Component 5: Component 2: Component 2: Component 5: Component 2: Component 2: Component 5: Component 2: Component 2: Component 5: Component 2: Component 2: Component 5: Component 2: Component 2: Component 5: Component 2: Component 2: Component 5: Component 2: Component 2: Component 5: Component 2: Component 18: Component 5: Component 16: Component 6: Component 8: Component 19: Component 7: Component 7: Attributes: < Component "class": 1 string mismatch >
Component "scales": Component 1: Component 2: Component 5: Component 2: Component 2: Component 5: Component 2: Component 2: Component 5: Component 2: Component 2: Component 5: Component 2: Component 2: Component 5: Component 2: Component 2: Component 5: Component 2: Component 2: Component 5: Component 2: Component 2: Component 5: Component 2: Component 2: Component 5: Component 2: Component 2: Component 5: Component 2: Component 2: Component 5: Component 2: Component 2: Component 5: Component 2: Component 18: Component 5: Component 16: Component 6: Component 8: Component 19: Component 7: Component 7: Length mismatch: comparison on first 7 components
Component "scales": Component 1: Component 2: Component 5: Component 2: Component 2: Component 5: Component 2: Component 2: Component 5: Component 2: Component 2: Component 5: Component 2: Component 2: Component 5: Component 2: Component 2: Component 5: Component 2: Component 2: Component 5: Component 2: Component 2: Component 5: Component 2: Component 2: Component 5: Component 2: Component 2: Component 5: Component 2: Component 2: Component 5: Component 2: Component 2: Component 5: Component 2: Component 18: Component 5: Component 16: Component 6: Component 8: Component 19: Component 7: Component 7: Component 4: target, current do not match when deparsed
Component "scales": Component 1: Component 2: Component 5: Component 2: Component 2: Component 5: Component 2: Component 2: Component 5: Component 2: Component 2: Component 5: Component 2: Component 2: Component 5: Component 2: Component 2: Component 5: Component 2: Component 2: Component 5: Component 2: Component 2: Component 5: Component 2: Component 2: Component 5: Component 2: Component 2: Component 5: Component 2: Component 2: Component 5: Component 2: Component 2: Component 5: Component 2: Component 18: Component 5: Component 16: Component 6: Component 8: Component 19: Component 7: Component 7: Component 4: names for current but not for target
Component "scales": Component 1: Component 2: Component 5: Component 2: Component 2: Component 5: Component 2: Component 2: Component 5: Component 2: Component 2: Component 5: Component 2: Component 2: Component 5: Component 2: Component 2: Component 5: Component 2: Component 2: Component 5: Component 2: Component 2: Component 5: Component 2: Component 2: Component 5: Component 2: Component 2: Component 5: Component 2: Component 2: Component 5: Component 2: Component 2: Component 5: Component 2: Component 18: Component 5: Component 16: Component 6: Component 8: Component 19: Component 7: Component 7: Component 4: Length mismatch: comparison on first 0 components
Component "scales": Component 1: Component 2: Component 5: Component 2: Component 2: Component 5: Component 2: Component 2: Component 5: Component 2: Component 2: Component 5: Component 2: Component 2: Component 5: Component 2: Component 2: Component 5: Component 2: Component 2: Component 5: Component 2: Component 2: Component 5: Component 2: Component 2: Component 5: Component 2: Component 2: Component 5: Component 2: Component 2: Component 5: Component 2: Component 2: Component 5: Component 2: Component 18: Component 5: Component 16: Component 6: Component 8: Component 19: Component 7: Component 7: Component 5: target, current do not match when deparsed
Component "scales": Component 1: Component 2: Component 5: Component 2: Component 2: Component 5: Component 2: Component 2: Component 5: Component 2: Component 2: Component 5: Component 2: Component 2: Component 5: Component 2: Component 2: Component 5: Component 2: Component 2: Component 5: Component 2: Component 2: Component 5: Component 2: Component 2: Component 5: Component 2: Component 2: Component 5: Component 2: Component 2: Component 5: Component 2: Component 2: Component 5: Component 2: Component 18: Component 5: Component 16: Component 6: Component 8: Component 19: Component 7: Component 7: Component 5: names for current but not for target
Component "scales": Component 1: Component 2: Component 5: Component 2: Component 2: Component 5: Component 2: Component 2: Component 5: Component 2: Component 2: Component 5: Component 2: Component 2: Component 5: Component 2: Component 2: Component 5: Component 2: Component 2: Component 5: Component 2: Component 2: Component 5: Component 2: Component 2: Component 5: Component 2: Component 2: Component 5: Component 2: Component 2: Component 5: Component 2: Component 2: Component 5: Component 2: Component 18: Component 5: Component 16: Component 6: Component 8: Component 19: Component 7: Component 7: Component 5: Length mismatch: comparison on first 0 components
...
── Failure ('test_plotPopSizes.R:59:9'): plot population size trajectories ─────
plot_new_2$layers not equal to plot_orig$layers.
Component 1: Component 15: Component 5: Component 21: Component 6: Component 3: Component 1: Component 1: Component 2: Component 5: Component 2: Component 2: Component 5: Component 2: Component 2: Component 5: Component 2: Component 2: Component 5: Component 2: Component 2: Component 5: Component 2: Component 2: Component 5: Component 2: Component 2: Component 5: Component 2: Component 2: Component 5: Component 2: Component 18: Component 5: Component 16: Component 6: Component 8: Component 19: Component 7: Component 7: Names: 4 string mismatches
Component 1: Component 15: Component 5: Component 21: Component 6: Component 3: Component 1: Component 1: Component 2: Component 5: Component 2: Component 2: Component 5: Component 2: Component 2: Component 5: Component 2: Component 2: Component 5: Component 2: Component 2: Component 5: Component 2: Component 2: Component 5: Component 2: Component 2: Component 5: Component 2: Component 2: Component 5: Component 2: Component 18: Component 5: Component 16: Component 6: Component 8: Component 19: Component 7: Component 7: Attributes: < Component "class": 1 string mismatch >
Component 1: Component 15: Component 5: Component 21: Component 6: Component 3: Component 1: Component 1: Component 2: Component 5: Component 2: Component 2: Component 5: Component 2: Component 2: Component 5: Component 2: Component 2: Component 5: Component 2: Component 2: Component 5: Component 2: Component 2: Component 5: Component 2: Component 2: Component 5: Component 2: Component 2: Component 5: Component 2: Component 18: Component 5: Component 16: Component 6: Component 8: Component 19: Component 7: Component 7: Length mismatch: comparison on first 7 components
Component 1: Component 15: Component 5: Component 21: Component 6: Component 3: Component 1: Component 1: Component 2: Component 5: Component 2: Component 2: Component 5: Component 2: Component 2: Component 5: Component 2: Component 2: Component 5: Component 2: Component 2: Component 5: Component 2: Component 2: Component 5: Component 2: Component 2: Component 5: Component 2: Component 2: Component 5: Component 2: Component 18: Component 5: Component 16: Component 6: Component 8: Component 19: Component 7: Component 7: Component 4: target, current do not match when deparsed
Component 1: Component 15: Component 5: Component 21: Component 6: Component 3: Component 1: Component 1: Component 2: Component 5: Component 2: Component 2: Component 5: Component 2: Component 2: Component 5: Component 2: Component 2: Component 5: Component 2: Component 2: Component 5: Component 2: Component 2: Component 5: Component 2: Component 2: Component 5: Component 2: Component 2: Component 5: Component 2: Component 18: Component 5: Component 16: Component 6: Component 8: Component 19: Component 7: Component 7: Component 4: names for current but not for target
Component 1: Component 15: Component 5: Component 21: Component 6: Component 3: Component 1: Component 1: Component 2: Component 5: Component 2: Component 2: Component 5: Component 2: Component 2: Component 5: Component 2: Component 2: Component 5: Component 2: Component 2: Component 5: Component 2: Component 2: Component 5: Component 2: Component 2: Component 5: Component 2: Component 2: Component 5: Component 2: Component 18: Component 5: Component 16: Component 6: Component 8: Component 19: Component 7: Component 7: Component 4: Length mismatch: comparison on first 0 components
Component 1: Component 15: Component 5: Component 21: Component 6: Component 3: Component 1: Component 1: Component 2: Component 5: Component 2: Component 2: Component 5: Component 2: Component 2: Component 5: Component 2: Component 2: Component 5: Component 2: Component 2: Component 5: Component 2: Component 2: Component 5: Component 2: Component 2: Component 5: Component 2: Component 2: Component 5: Component 2: Component 18: Component 5: Component 16: Component 6: Component 8: Component 19: Component 7: Component 7: Component 5: target, current do not match when deparsed
Component 1: Component 15: Component 5: Component 21: Component 6: Component 3: Component 1: Component 1: Component 2: Component 5: Component 2: Component 2: Component 5: Component 2: Component 2: Component 5: Component 2: Component 2: Component 5: Component 2: Component 2: Component 5: Component 2: Component 2: Component 5: Component 2: Component 2: Component 5: Component 2: Component 2: Component 5: Component 2: Component 18: Component 5: Component 16: Component 6: Component 8: Component 19: Component 7: Component 7: Component 5: names for current but not for target
Component 1: Component 15: Component 5: Component 21: Component 6: Component 3: Component 1: Component 1: Component 2: Component 5: Component 2: Component 2: Component 5: Component 2: Component 2: Component 5: Component 2: Component 2: Component 5: Component 2: Component 2: Component 5: Component 2: Component 2: Component 5: Component 2: Component 2: Component 5: Component 2: Component 2: Component 5: Component 2: Component 18: Component 5: Component 16: Component 6: Component 8: Component 19: Component 7: Component 7: Component 5: Length mismatch: comparison on first 0 components
...
[ FAIL 2 | WARN 42 | SKIP 0 | PASS 140 ]
Error: Test failures
Execution halted
Flavor: r-patched-linux-x86_64
Version: 1.2.1
Check: package dependencies
Result: ERROR
Package required and available but unsuitable version: ‘ggtree’
See section ‘The DESCRIPTION file’ in the ‘Writing R Extensions’
manual.
Flavor: r-oldrel-macos-arm64
Version: 1.1.1
Check: package dependencies
Result: ERROR
Package required and available but unsuitable version: ‘ggtree’
See section ‘The DESCRIPTION file’ in the ‘Writing R Extensions’
manual.
Flavor: r-oldrel-macos-x86_64