CRAN Package Check Results for Package Rga4gh

Last updated on 2021-10-18 19:51:48 CEST.

Flavor Version Tinstall Tcheck Ttotal Status Flags
r-devel-linux-x86_64-debian-clang 0.1.1 2.72 25.67 28.39 NOTE
r-devel-linux-x86_64-debian-gcc 0.1.1 2.08 20.55 22.63 NOTE
r-devel-linux-x86_64-fedora-clang 0.1.1 45.72 NOTE
r-devel-linux-x86_64-fedora-gcc 0.1.1 34.47 NOTE
r-devel-windows-x86_64 0.1.1 4.00 44.00 48.00 NOTE
r-devel-windows-x86_64-gcc10-UCRT 0.1.1 NOTE
r-patched-linux-x86_64 0.1.1 3.26 24.98 28.24 NOTE
r-patched-solaris-x86 0.1.1 54.00 NOTE
r-release-linux-x86_64 0.1.1 2.63 24.97 27.60 NOTE
r-release-macos-arm64 0.1.1 NOTE
r-release-macos-x86_64 0.1.1 NOTE
r-release-windows-ix86+x86_64 0.1.1 4.00 42.00 46.00 NOTE
r-oldrel-macos-x86_64 0.1.1 OK
r-oldrel-windows-ix86+x86_64 0.1.1 6.00 47.00 53.00 OK

Check Details

Version: 0.1.1
Check: LazyData
Result: NOTE
     'LazyData' is specified without a 'data' directory
Flavors: r-devel-linux-x86_64-debian-clang, r-devel-linux-x86_64-debian-gcc, r-devel-linux-x86_64-fedora-clang, r-devel-linux-x86_64-fedora-gcc, r-devel-windows-x86_64, r-devel-windows-x86_64-gcc10-UCRT, r-patched-linux-x86_64, r-patched-solaris-x86, r-release-linux-x86_64, r-release-macos-arm64, r-release-macos-x86_64, r-release-windows-ix86+x86_64