CRAN Package Check Results for Package RiemBase

Last updated on 2021-09-26 22:48:44 CEST.

Flavor Version Tinstall Tcheck Ttotal Status Flags
r-devel-linux-x86_64-debian-clang 0.2.5 52.49 32.58 85.07 OK
r-devel-linux-x86_64-debian-gcc 0.2.5 39.01 25.31 64.32 OK
r-devel-linux-x86_64-fedora-clang 0.2.5 127.82 OK
r-devel-linux-x86_64-fedora-gcc 0.2.5 107.45 OK
r-devel-windows-x86_64 0.2.5 47.00 50.00 97.00 OK
r-devel-windows-x86_64-gcc10-UCRT 0.2.5 OK
r-patched-linux-x86_64 0.2.5 44.06 31.79 75.85 OK
r-patched-solaris-x86 0.2.5 108.20 OK
r-release-linux-x86_64 0.2.5 42.46 31.42 73.88 OK
r-release-macos-arm64 0.2.5 NOTE
r-release-macos-x86_64 0.2.5 NOTE
r-release-windows-ix86+x86_64 0.2.5 113.00 76.00 189.00 OK
r-oldrel-macos-x86_64 0.2.5 NOTE
r-oldrel-windows-ix86+x86_64 0.2.5 84.00 66.00 150.00 OK

Check Details

Version: 0.2.5
Check: installed package size
Result: NOTE
     installed size is 6.4Mb
     sub-directories of 1Mb or more:
     libs 6.2Mb
Flavors: r-release-macos-arm64, r-release-macos-x86_64, r-oldrel-macos-x86_64