CRAN Package Check Results for Package RiskPortfolios

Last updated on 2021-09-20 22:55:48 CEST.

Flavor Version Tinstall Tcheck Ttotal Status Flags
r-devel-linux-x86_64-debian-clang 2.1.7 2.66 44.09 46.75 OK
r-devel-linux-x86_64-debian-gcc 2.1.7 2.42 31.88 34.30 OK
r-devel-linux-x86_64-fedora-clang 2.1.7 67.39 NOTE
r-devel-linux-x86_64-fedora-gcc 2.1.7 55.72 NOTE
r-devel-windows-x86_64 2.1.7 4.00 44.00 48.00 OK
r-devel-windows-x86_64-gcc10-UCRT 2.1.7 ERROR
r-patched-linux-x86_64 2.1.7 3.01 41.78 44.79 OK
r-patched-solaris-x86 2.1.7 81.00 NOTE
r-release-linux-x86_64 2.1.7 2.67 41.86 44.53 OK
r-release-macos-arm64 2.1.7 NOTE
r-release-macos-x86_64 2.1.7 NOTE
r-release-windows-ix86+x86_64 2.1.7 9.00 64.00 73.00 OK
r-oldrel-macos-x86_64 2.1.7 NOTE
r-oldrel-windows-ix86+x86_64 2.1.7 7.00 41.00 48.00 OK

Check Details

Version: 2.1.7
Check: dependencies in R code
Result: NOTE
    Namespace in Imports field not imported from: ‘MASS’
     All declared Imports should be used.
Flavors: r-devel-linux-x86_64-fedora-clang, r-devel-linux-x86_64-fedora-gcc, r-devel-windows-x86_64-gcc10-UCRT, r-patched-solaris-x86, r-release-macos-arm64, r-release-macos-x86_64, r-oldrel-macos-x86_64

Version: 2.1.7
Check: whether package can be installed
Result: WARN
    Found the following significant warnings:
     WARNING: installation-time patches will not be applied, could not get the patches index
Flavor: r-devel-windows-x86_64-gcc10-UCRT

Version: 2.1.7
Check: PDF version of manual
Result: WARN
    LaTeX errors when creating PDF version.
    This typically indicates Rd problems.
Flavor: r-devel-windows-x86_64-gcc10-UCRT

Version: 2.1.7
Check: PDF version of manual without hyperrefs or index
Result: ERROR
    Re-running with no redirection of stdout/stderr.
Flavor: r-devel-windows-x86_64-gcc10-UCRT