CRAN Package Check Results for Package Rlinsolve

Last updated on 2021-09-25 07:49:46 CEST.

Flavor Version Tinstall Tcheck Ttotal Status Flags
r-devel-linux-x86_64-debian-clang 0.3.2 321.64 74.32 395.96 OK
r-devel-linux-x86_64-debian-gcc 0.3.2 213.71 56.41 270.12 OK
r-devel-linux-x86_64-fedora-clang 0.3.2 578.80 NOTE
r-devel-linux-x86_64-fedora-gcc 0.3.2 494.97 OK
r-devel-windows-x86_64 0.3.2 251.00 81.00 332.00 OK
r-devel-windows-x86_64-gcc10-UCRT 0.3.2 OK
r-patched-linux-x86_64 0.3.2 237.73 70.98 308.71 OK
r-patched-solaris-x86 0.3.2 402.30 OK
r-release-linux-x86_64 0.3.2 251.35 71.47 322.82 OK
r-release-macos-arm64 0.3.2 NOTE
r-release-macos-x86_64 0.3.2 NOTE
r-release-windows-ix86+x86_64 0.3.2 663.00 140.00 803.00 OK
r-oldrel-macos-x86_64 0.3.2 NOTE
r-oldrel-windows-ix86+x86_64 0.3.2 490.00 107.00 597.00 OK

Check Details

Version: 0.3.2
Check: installed package size
Result: NOTE
     installed size is 20.7Mb
     sub-directories of 1Mb or more:
     libs 20.4Mb
Flavors: r-devel-linux-x86_64-fedora-clang, r-release-macos-arm64, r-release-macos-x86_64, r-oldrel-macos-x86_64