CRAN Package Check Results for Package Rmosek

Last updated on 2021-10-28 01:49:01 CEST.

Flavor Version Tinstall Tcheck Ttotal Status Flags
r-devel-linux-x86_64-debian-clang 1.3.5 2.15 20.95 23.10 NOTE
r-devel-linux-x86_64-debian-gcc 1.3.5 1.62 16.75 18.37 NOTE
r-devel-linux-x86_64-fedora-clang 1.3.5 39.76 OK
r-devel-linux-x86_64-fedora-gcc 1.3.5 28.77 OK
r-devel-windows-x86_64 1.3.5 4.00 38.00 42.00 OK
r-devel-windows-x86_64-gcc10-UCRT 1.3.5 OK
r-patched-linux-x86_64 1.3.5 1.95 20.46 22.41 NOTE
r-release-linux-x86_64 1.3.5 1.85 20.52 22.37 NOTE
r-release-macos-arm64 1.3.5 OK
r-release-macos-x86_64 1.3.5 OK
r-release-windows-ix86+x86_64 1.3.5 4.00 38.00 42.00 OK
r-oldrel-macos-x86_64 1.3.5 OK
r-oldrel-windows-ix86+x86_64 1.3.5 5.00 38.00 43.00 OK

Check Details

Version: 1.3.5
Check: R code for possible problems
Result: NOTE
    Found the following calls to attach():
    File 'Rmosek/R/builder.R':
     attach(builderenv, pos, name, warn.conflicts)
    See section 'Good practice' in '?attach'.
Flavors: r-devel-linux-x86_64-debian-clang, r-devel-linux-x86_64-debian-gcc, r-patched-linux-x86_64, r-release-linux-x86_64