CRAN Package Check Results for Package Rmpi

Last updated on 2021-08-04 10:52:16 CEST.

Flavor Version Tinstall Tcheck Ttotal Status Flags
r-devel-linux-x86_64-debian-clang 0.6-9.1 8.56 39.29 47.85 OK
r-devel-linux-x86_64-debian-gcc 0.6-9.1 6.27 30.30 36.57 OK
r-devel-linux-x86_64-fedora-clang 0.6-9.1 70.25 OK
r-devel-linux-x86_64-fedora-gcc 0.6-9.1 60.04 OK
r-devel-windows-x86_64 0.6-9.1 12.00 53.00 65.00 OK
r-devel-windows-x86_64-gcc10-UCRT 0.6-9.1 OK
r-patched-linux-x86_64 0.6-9.1 9.09 38.11 47.20 OK
r-patched-solaris-x86 0.6-9.1 64.80 OK
r-release-linux-x86_64 0.6-9.1 8.06 37.69 45.75 OK
r-release-macos-arm64 0.6-9.1 ERROR
r-release-macos-x86_64 0.6-9.1 ERROR
r-release-windows-ix86+x86_64 0.6-9.1 18.00 49.00 67.00 OK
r-oldrel-macos-x86_64 0.6-9.1 ERROR
r-oldrel-windows-ix86+x86_64 0.6-9.1 21.00 60.00 81.00 OK

Check Details

Version: 0.6-9.1
Check: whether package can be installed
Result: ERROR
    Installation failed.
Flavors: r-release-macos-arm64, r-release-macos-x86_64, r-oldrel-macos-x86_64