CRAN Package Check Results for Package RobKF

Last updated on 2021-09-16 16:50:26 CEST.

Flavor Version Tinstall Tcheck Ttotal Status Flags
r-devel-linux-x86_64-debian-clang 1.0.2 346.96 95.85 442.81 OK
r-devel-linux-x86_64-debian-gcc 1.0.2 213.41 76.83 290.24 OK
r-devel-linux-x86_64-fedora-clang 1.0.2 643.43 NOTE
r-devel-linux-x86_64-fedora-gcc 1.0.2 535.90 OK
r-devel-windows-x86_64 1.0.2 304.00 127.00 431.00 OK
r-devel-windows-x86_64-gcc10-UCRT 1.0.2 OK
r-patched-linux-x86_64 1.0.2 254.85 96.11 350.96 OK
r-patched-solaris-x86 1.0.2 463.50 OK
r-release-linux-x86_64 1.0.2 264.44 95.57 360.01 OK
r-release-macos-arm64 1.0.2 NOTE
r-release-macos-x86_64 1.0.2 NOTE
r-release-windows-ix86+x86_64 1.0.2 758.00 177.00 935.00 OK
r-oldrel-macos-x86_64 1.0.2 NOTE
r-oldrel-windows-ix86+x86_64 1.0.2 553.00 158.00 711.00 OK

Check Details

Version: 1.0.2
Check: installed package size
Result: NOTE
     installed size is 22.8Mb
     sub-directories of 1Mb or more:
     libs 22.7Mb
Flavors: r-devel-linux-x86_64-fedora-clang, r-release-macos-arm64, r-release-macos-x86_64, r-oldrel-macos-x86_64