CRAN Package Check Results for Package RobustGaSP

Last updated on 2024-07-23 04:57:48 CEST.

Flavor Version Tinstall Tcheck Ttotal Status Flags
r-devel-linux-x86_64-debian-clang 0.6.6 74.42 73.54 147.96 OK
r-devel-linux-x86_64-debian-gcc 0.6.6 67.75 54.90 122.65 OK
r-devel-linux-x86_64-fedora-clang 0.6.6 201.60 OK
r-devel-linux-x86_64-fedora-gcc 0.6.6 233.40 OK
r-devel-windows-x86_64 0.6.6 62.00 107.00 169.00 OK
r-patched-linux-x86_64 0.6.6 84.60 68.80 153.40 OK
r-release-linux-x86_64 0.6.6 79.11 70.90 150.01 OK
r-release-macos-arm64 0.6.6 54.00 NOTE
r-release-macos-x86_64 0.6.6 105.00 NOTE
r-release-windows-x86_64 0.6.6 64.00 107.00 171.00 OK
r-oldrel-macos-arm64 0.6.6 58.00 NOTE
r-oldrel-macos-x86_64 0.6.6 137.00 NOTE
r-oldrel-windows-x86_64 0.6.6 77.00 124.00 201.00 WARN

Check Details

Version: 0.6.6
Check: installed package size
Result: NOTE installed size is 38.9Mb sub-directories of 1Mb or more: libs 38.3Mb Flavors: r-release-macos-arm64, r-release-macos-x86_64, r-oldrel-macos-arm64, r-oldrel-macos-x86_64

Version: 0.6.6
Check: whether package can be installed
Result: WARN Found the following significant warnings: d:\rtools43\x86_64-w64-mingw32.static.posix\lib\gcc\x86_64-w64-mingw32.static.posix\12.3.0\include\emmintrin.h:134:24: warning: array subscript '__m128d_u[0]' is partly outside array bounds of 'Eigen::internal::plain_matrix_type<Eigen::Product<Eigen::Block<Eigen::Matrix<double, -1, -1>, 1, -1, false>, Eigen::Transpose<Eigen::Block<Eigen::Matrix<double, -1, -1>, 1, -1, false> >, 0>, Eigen::Dense>::type [1]' {aka 'Eigen::Matrix<double, 1, 1, 0, 1, 1> [1]'} [-Warray-bounds] See 'd:/Rcompile/CRANpkg/local/4.3/RobustGaSP.Rcheck/00install.out' for details. * used C compiler: 'gcc.exe (GCC) 12.3.0' * used C++ compiler: 'g++.exe (GCC) 12.3.0' Flavor: r-oldrel-windows-x86_64