CRAN Package Check Results for Package Rothermel

Last updated on 2021-11-30 03:57:06 CET.

Flavor Version Tinstall Tcheck Ttotal Status Flags
r-devel-linux-x86_64-debian-clang 1.2 20.91 181.39 202.30 NOTE
r-devel-linux-x86_64-debian-gcc 1.2 15.14 133.26 148.40 NOTE
r-devel-linux-x86_64-fedora-clang 1.2 254.92 NOTE
r-devel-linux-x86_64-fedora-gcc 1.2 230.21 NOTE
r-devel-windows-x86_64-new-UL 1.2 33.00 229.00 262.00 NOTE
r-devel-windows-x86_64-new-TK 1.2 NOTE
r-devel-windows-x86_64-old 1.2 29.00 178.00 207.00 NOTE
r-patched-linux-x86_64 1.2 22.94 168.23 191.17 NOTE
r-patched-solaris-x86 1.2 328.80 NOTE
r-release-linux-x86_64 1.2 14.95 167.71 182.66 NOTE
r-release-macos-arm64 1.2 NOTE
r-release-macos-x86_64 1.2 NOTE
r-release-windows-ix86+x86_64 1.2 45.00 209.00 254.00 NOTE
r-oldrel-macos-x86_64 1.2 NOTE
r-oldrel-windows-ix86+x86_64 1.2 32.00 156.00 188.00 NOTE

Check Details

Version: 1.2
Check: R code for possible problems
Result: NOTE
    bestFM: no visible global function definition for 'data'
    gaRoth: no visible global function definition for 'data'
    ros: no visible global function definition for 'na.omit'
    rosunc: no visible global function definition for 'rnorm'
    Undefined global functions or variables:
     data na.omit rnorm
    Consider adding
     importFrom("stats", "na.omit", "rnorm")
     importFrom("utils", "data")
    to your NAMESPACE file.
Flavors: r-devel-linux-x86_64-debian-clang, r-devel-linux-x86_64-debian-gcc, r-devel-linux-x86_64-fedora-clang, r-devel-linux-x86_64-fedora-gcc, r-devel-windows-x86_64-new-UL, r-devel-windows-x86_64-new-TK, r-devel-windows-x86_64-old, r-patched-linux-x86_64, r-patched-solaris-x86, r-release-linux-x86_64, r-release-macos-arm64, r-release-macos-x86_64, r-release-windows-ix86+x86_64, r-oldrel-macos-x86_64, r-oldrel-windows-ix86+x86_64