CRAN Package Check Results for Package RprobitB

Last updated on 2021-09-25 07:49:47 CEST.

Flavor Version Tinstall Tcheck Ttotal Status Flags
r-devel-linux-x86_64-debian-clang 0.1.1 53.10 40.49 93.59 OK
r-devel-linux-x86_64-debian-gcc 0.1.1 38.50 31.28 69.78 OK
r-devel-linux-x86_64-fedora-clang 0.1.1 133.98 OK
r-devel-linux-x86_64-fedora-gcc 0.1.1 114.45 OK
r-devel-windows-x86_64 0.1.1 43.00 55.00 98.00 OK
r-devel-windows-x86_64-gcc10-UCRT 0.1.1 OK
r-patched-linux-x86_64 0.1.1 42.93 39.45 82.38 OK
r-patched-solaris-x86 0.1.1 125.80 OK
r-release-linux-x86_64 0.1.1 38.62 38.96 77.58 OK
r-release-macos-arm64 0.1.1 NOTE
r-release-macos-x86_64 0.1.1 OK
r-release-windows-ix86+x86_64 0.1.1 115.00 90.00 205.00 OK
r-oldrel-macos-x86_64 0.1.1 OK
r-oldrel-windows-ix86+x86_64 0.1.1 82.00 69.00 151.00 OK

Check Details

Version: 0.1.1
Check: installed package size
Result: NOTE
     installed size is 5.6Mb
     sub-directories of 1Mb or more:
     libs 5.3Mb
Flavor: r-release-macos-arm64