CRAN Package Check Results for Package Rsgf

Last updated on 2021-10-19 10:51:05 CEST.

Flavor Version Tinstall Tcheck Ttotal Status Flags
r-devel-linux-x86_64-debian-clang 1.0.0 5.22 47.89 53.11 OK
r-devel-linux-x86_64-debian-gcc 1.0.0 4.28 35.92 40.20 OK
r-devel-linux-x86_64-fedora-clang 1.0.0 73.32 NOTE
r-devel-linux-x86_64-fedora-gcc 1.0.0 60.52 NOTE
r-devel-windows-x86_64 1.0.0 9.00 70.00 79.00 OK
r-devel-windows-x86_64-gcc10-UCRT 1.0.0 NOTE
r-patched-linux-x86_64 1.0.0 4.88 43.70 48.58 OK
r-patched-solaris-x86 1.0.0 97.10 NOTE
r-release-linux-x86_64 1.0.0 4.85 44.26 49.11 OK
r-release-macos-arm64 1.0.0 NOTE
r-release-macos-x86_64 1.0.0 NOTE
r-release-windows-ix86+x86_64 1.0.0 13.00 63.00 76.00 OK
r-oldrel-macos-x86_64 1.0.0 NOTE
r-oldrel-windows-ix86+x86_64 1.0.0 15.00 67.00 82.00 OK

Check Details

Version: 1.0.0
Check: dependencies in R code
Result: NOTE
    Namespace in Imports field not imported from: ‘utils’
     All declared Imports should be used.
Flavors: r-devel-linux-x86_64-fedora-clang, r-devel-linux-x86_64-fedora-gcc, r-devel-windows-x86_64-gcc10-UCRT, r-patched-solaris-x86, r-release-macos-arm64, r-release-macos-x86_64, r-oldrel-macos-x86_64