CRAN Package Check Results for Package Rsgf

Last updated on 2024-07-23 10:56:13 CEST.

Flavor Version Tinstall Tcheck Ttotal Status Flags
r-devel-linux-x86_64-debian-clang 1.0.0 4.74 48.83 53.57 OK
r-devel-linux-x86_64-debian-gcc 1.0.0 4.09 37.90 41.99 OK
r-devel-linux-x86_64-fedora-clang 1.0.0 70.56 NOTE
r-devel-linux-x86_64-fedora-gcc 1.0.0 65.64 NOTE
r-devel-windows-x86_64 1.0.0 7.00 56.00 63.00 OK
r-patched-linux-x86_64 1.0.0 4.68 47.78 52.46 OK
r-release-linux-x86_64 1.0.0 5.02 46.61 51.63 OK
r-release-macos-arm64 1.0.0 23.00 OK
r-release-macos-x86_64 1.0.0 37.00 OK
r-release-windows-x86_64 1.0.0 6.00 55.00 61.00 OK
r-oldrel-macos-arm64 1.0.0 24.00 OK
r-oldrel-macos-x86_64 1.0.0 37.00 OK
r-oldrel-windows-x86_64 1.0.0 8.00 64.00 72.00 OK

Check Details

Version: 1.0.0
Check: dependencies in R code
Result: NOTE Namespace in Imports field not imported from: ‘utils’ All declared Imports should be used. Flavors: r-devel-linux-x86_64-fedora-clang, r-devel-linux-x86_64-fedora-gcc