CRAN Package Check Results for Package Rsymphony

Last updated on 2021-10-15 22:54:29 CEST.

Flavor Version Tinstall Tcheck Ttotal Status Flags
r-devel-linux-x86_64-debian-clang 0.1-31 3.35 22.24 25.59 OK
r-devel-linux-x86_64-debian-gcc 0.1-31 2.29 17.82 20.11 OK
r-devel-linux-x86_64-fedora-clang 0.1-31 42.90 NOTE
r-devel-linux-x86_64-fedora-gcc 0.1-31 32.00 OK
r-devel-windows-x86_64 0.1-31 7.00 44.00 51.00 OK
r-devel-windows-x86_64-gcc10-UCRT 0.1-31 OK
r-patched-linux-x86_64 0.1-31 2.83 22.01 24.84 OK
r-release-linux-x86_64 0.1-31 2.65 21.97 24.62 OK
r-release-macos-arm64 0.1-31 OK
r-release-macos-x86_64 0.1-31 OK
r-release-windows-ix86+x86_64 0.1-31 13.00 85.00 98.00 NOTE
r-oldrel-macos-x86_64 0.1-31 OK
r-oldrel-windows-ix86+x86_64 0.1-31 10.00 63.00 73.00 NOTE

Check Details

Version: 0.1-31
Check: Rd cross-references
Result: NOTE
    Undeclared packages ‘lpSolve’, ‘Rglpk’ in Rd xrefs
Flavor: r-devel-linux-x86_64-fedora-clang

Version: 0.1-31
Check: installed package size
Result: NOTE
     installed size is 9.3Mb
     sub-directories of 1Mb or more:
     libs 9.2Mb
Flavors: r-release-windows-ix86+x86_64, r-oldrel-windows-ix86+x86_64