CRAN Package Check Results for Package Ryacas

Last updated on 2021-09-19 19:50:29 CEST.

Flavor Version Tinstall Tcheck Ttotal Status Flags
r-devel-linux-x86_64-debian-clang 1.1.3.1 108.19 89.36 197.55 OK
r-devel-linux-x86_64-debian-gcc 1.1.3.1 75.22 67.52 142.74 OK
r-devel-linux-x86_64-fedora-clang 1.1.3.1 295.56 NOTE
r-devel-linux-x86_64-fedora-gcc 1.1.3.1 254.53 OK
r-devel-windows-x86_64 1.1.3.1 117.00 105.00 222.00 NOTE
r-devel-windows-x86_64-gcc10-UCRT 1.1.3.1 ERROR
r-patched-linux-x86_64 1.1.3.1 91.13 98.02 189.15 OK
r-patched-solaris-x86 1.1.3.1 217.50 OK
r-release-linux-x86_64 1.1.3.1 91.15 98.21 189.36 OK
r-release-macos-arm64 1.1.3.1 NOTE
r-release-macos-x86_64 1.1.3.1 NOTE
r-release-windows-ix86+x86_64 1.1.3.1 272.00 196.00 468.00 NOTE
r-oldrel-macos-x86_64 1.1.3.1 NOTE
r-oldrel-windows-ix86+x86_64 1.1.3.1 264.00 180.00 444.00 NOTE

Check Details

Version: 1.1.3.1
Check: installed package size
Result: NOTE
     installed size is 8.8Mb
     sub-directories of 1Mb or more:
     libs 6.6Mb
     yacas 1.6Mb
Flavors: r-devel-linux-x86_64-fedora-clang, r-release-macos-arm64, r-release-macos-x86_64, r-oldrel-macos-x86_64

Version: 1.1.3.1
Check: package dependencies
Result: NOTE
    Package suggested but not available for checking: 'unix'
Flavors: r-devel-windows-x86_64, r-devel-windows-x86_64-gcc10-UCRT, r-release-windows-ix86+x86_64, r-oldrel-windows-ix86+x86_64

Version: 1.1.3.1
Check: whether package can be installed
Result: ERROR
    Installation failed.
Flavor: r-devel-windows-x86_64-gcc10-UCRT