CRAN Package Check Results for Package SAMGEP

Last updated on 2021-09-24 22:53:07 CEST.

Flavor Version Tinstall Tcheck Ttotal Status Flags
r-devel-linux-x86_64-debian-clang 0.1.0-1 54.32 295.49 349.81 OK
r-devel-linux-x86_64-debian-gcc 0.1.0-1 30.70 216.07 246.77 OK
r-devel-linux-x86_64-fedora-clang 0.1.0-1 418.50 NOTE
r-devel-linux-x86_64-fedora-gcc 0.1.0-1 401.99 NOTE
r-devel-windows-x86_64 0.1.0-1 46.00 284.00 330.00 OK
r-devel-windows-x86_64-gcc10-UCRT 0.1.0-1 NOTE
r-patched-linux-x86_64 0.1.0-1 42.72 284.37 327.09 OK
r-patched-solaris-x86 0.1.0-1 1053.40 NOTE
r-release-linux-x86_64 0.1.0-1 42.34 280.86 323.20 OK
r-release-macos-arm64 0.1.0-1 NOTE
r-release-macos-x86_64 0.1.0-1 NOTE
r-release-windows-ix86+x86_64 0.1.0-1 115.00 387.00 502.00 OK
r-oldrel-macos-x86_64 0.1.0-1 NOTE
r-oldrel-windows-ix86+x86_64 0.1.0-1 90.00 282.00 372.00 OK

Check Details

Version: 0.1.0-1
Check: dependencies in R code
Result: NOTE
    Namespace in Imports field not imported from: ‘Rcpp’
     All declared Imports should be used.
Flavors: r-devel-linux-x86_64-fedora-clang, r-devel-linux-x86_64-fedora-gcc, r-devel-windows-x86_64-gcc10-UCRT, r-patched-solaris-x86, r-release-macos-arm64, r-release-macos-x86_64, r-oldrel-macos-x86_64