CRAN Package Check Results for Package SAMURAI

Last updated on 2021-10-18 19:51:50 CEST.

Flavor Version Tinstall Tcheck Ttotal Status Flags
r-devel-linux-x86_64-debian-clang 1.2.1 7.26 72.18 79.44 NOTE
r-devel-linux-x86_64-debian-gcc 1.2.1 6.49 55.27 61.76 NOTE
r-devel-linux-x86_64-fedora-clang 1.2.1 106.74 NOTE
r-devel-linux-x86_64-fedora-gcc 1.2.1 94.06 NOTE
r-devel-windows-x86_64 1.2.1 11.00 100.00 111.00 NOTE
r-devel-windows-x86_64-gcc10-UCRT 1.2.1 NOTE
r-patched-linux-x86_64 1.2.1 6.63 70.00 76.63 NOTE
r-patched-solaris-x86 1.2.1 137.60 NOTE
r-release-linux-x86_64 1.2.1 8.21 69.96 78.17 NOTE
r-release-macos-arm64 1.2.1 NOTE
r-release-macos-x86_64 1.2.1 NOTE
r-release-windows-ix86+x86_64 1.2.1 10.00 96.00 106.00 NOTE
r-oldrel-macos-x86_64 1.2.1 NOTE
r-oldrel-windows-ix86+x86_64 1.2.1 17.00 95.00 112.00 NOTE

Check Details

Version: 1.2.1
Check: R code for possible problems
Result: NOTE
    GraphBinaryForestPlot: no visible global function definition for
     'abline'
    GraphBinaryForestPlot: no visible global function definition for 'text'
    GraphContinuousForestPlot: no visible global function definition for
     'abline'
    GraphContinuousForestPlot: no visible global function definition for
     'text'
    ImputeBinaryEvents: no visible global function definition for 'rbinom'
    ImputeSMD: no visible global function definition for 'rnorm'
    funnelplot: no visible global function definition for 'abline'
    Undefined global functions or variables:
     abline rbinom rnorm text
    Consider adding
     importFrom("graphics", "abline", "text")
     importFrom("stats", "rbinom", "rnorm")
    to your NAMESPACE file.
Flavors: r-devel-linux-x86_64-debian-clang, r-devel-linux-x86_64-debian-gcc, r-devel-linux-x86_64-fedora-clang, r-devel-linux-x86_64-fedora-gcc, r-devel-windows-x86_64, r-devel-windows-x86_64-gcc10-UCRT, r-patched-linux-x86_64, r-patched-solaris-x86, r-release-linux-x86_64, r-release-macos-arm64, r-release-macos-x86_64, r-release-windows-ix86+x86_64, r-oldrel-macos-x86_64, r-oldrel-windows-ix86+x86_64