CRAN Package Check Results for Package SCCI

Last updated on 2021-09-22 01:49:09 CEST.

Flavor Version Tinstall Tcheck Ttotal Status Flags
r-devel-linux-x86_64-debian-clang 1.2 18.16 28.94 47.10 OK
r-devel-linux-x86_64-debian-gcc 1.2 11.41 22.68 34.09 OK
r-devel-linux-x86_64-fedora-clang 1.2 74.44 OK
r-devel-linux-x86_64-fedora-gcc 1.2 58.33 OK
r-devel-windows-x86_64 1.2 19.00 43.00 62.00 OK
r-devel-windows-x86_64-gcc10-UCRT 1.2 ERROR
r-patched-linux-x86_64 1.2 14.98 27.64 42.62 OK
r-patched-solaris-x86 1.2 77.60 OK
r-release-linux-x86_64 1.2 14.95 27.91 42.86 OK
r-release-macos-arm64 1.2 NOTE
r-release-macos-x86_64 1.2 OK
r-release-windows-ix86+x86_64 1.2 46.00 79.00 125.00 OK
r-oldrel-macos-x86_64 1.2 OK
r-oldrel-windows-ix86+x86_64 1.2 48.00 59.00 107.00 OK

Check Details

Version: 1.2
Check: whether package can be installed
Result: ERROR
    Installation failed.
Flavor: r-devel-windows-x86_64-gcc10-UCRT

Version: 1.2
Check: package dependencies
Result: NOTE
    Package suggested but not available for checking: ‘pcalg’
Flavor: r-release-macos-arm64