CRAN Package Check Results for Package SDALGCP

Last updated on 2021-10-19 04:52:06 CEST.

Flavor Version Tinstall Tcheck Ttotal Status Flags
r-devel-linux-x86_64-debian-clang 0.4.0 44.86 363.97 408.83 OK
r-devel-linux-x86_64-debian-gcc 0.4.0 35.30 274.71 310.01 OK
r-devel-linux-x86_64-fedora-clang 0.4.0 503.08 NOTE
r-devel-linux-x86_64-fedora-gcc 0.4.0 487.18 NOTE
r-devel-windows-x86_64 0.4.0 68.00 416.00 484.00 OK
r-devel-windows-x86_64-gcc10-UCRT 0.4.0 NOTE
r-patched-linux-x86_64 0.4.0 50.74 353.58 404.32 OK
r-patched-solaris-x86 0.4.0 678.30 NOTE
r-release-linux-x86_64 0.4.0 44.83 353.51 398.34 OK
r-release-macos-arm64 0.4.0 NOTE
r-release-macos-x86_64 0.4.0 NOTE
r-release-windows-ix86+x86_64 0.4.0 68.00 428.00 496.00 OK
r-oldrel-macos-x86_64 0.4.0 NOTE
r-oldrel-windows-ix86+x86_64 0.4.0 72.00 292.00 364.00 OK

Additional issues

M1mac

Check Details

Version: 0.4.0
Check: dependencies in R code
Result: NOTE
    Namespace in Imports field not imported from: ‘spatstat’
     All declared Imports should be used.
Flavors: r-devel-linux-x86_64-fedora-clang, r-devel-linux-x86_64-fedora-gcc, r-devel-windows-x86_64-gcc10-UCRT, r-patched-solaris-x86, r-release-macos-arm64, r-release-macos-x86_64, r-oldrel-macos-x86_64