CRAN Package Check Results for Package SLTCA

Last updated on 2021-12-04 06:51:09 CET.

Flavor Version Tinstall Tcheck Ttotal Status Flags
r-devel-linux-x86_64-debian-clang 0.1.0 4.33 48.99 53.32 NOTE
r-devel-linux-x86_64-debian-gcc 0.1.0 3.37 37.57 40.94 NOTE
r-devel-linux-x86_64-fedora-clang 0.1.0 67.23 NOTE
r-devel-linux-x86_64-fedora-gcc 0.1.0 52.56 NOTE
r-devel-windows-x86_64-new-UL 0.1.0 9.00 74.00 83.00 NOTE
r-devel-windows-x86_64-new-TK 0.1.0 NOTE
r-devel-windows-x86_64-old 0.1.0 8.00 47.00 55.00 NOTE
r-patched-linux-x86_64 0.1.0 3.92 38.03 41.95 NOTE
r-release-linux-x86_64 0.1.0 4.12 38.66 42.78 NOTE
r-release-macos-arm64 0.1.0 NOTE
r-release-macos-x86_64 0.1.0 NOTE
r-release-windows-ix86+x86_64 0.1.0 8.00 57.00 65.00 NOTE
r-oldrel-macos-x86_64 0.1.0 OK
r-oldrel-windows-ix86+x86_64 0.1.0 8.00 56.00 64.00 OK

Check Details

Version: 0.1.0
Check: LazyData
Result: NOTE
     'LazyData' is specified without a 'data' directory
Flavors: r-devel-linux-x86_64-debian-clang, r-devel-linux-x86_64-debian-gcc, r-devel-linux-x86_64-fedora-clang, r-devel-linux-x86_64-fedora-gcc, r-devel-windows-x86_64-new-UL, r-devel-windows-x86_64-new-TK, r-devel-windows-x86_64-old, r-patched-linux-x86_64, r-release-linux-x86_64, r-release-macos-arm64, r-release-macos-x86_64, r-release-windows-ix86+x86_64